Last updated on 2017-09-26 01:47:32.
Flavor | Version | Tinstall | Tcheck | Ttotal | Status | Flags |
---|---|---|---|---|---|---|
r-devel-linux-x86_64-debian-clang | 1.8.2 | 4.13 | 46.39 | 50.52 | NOTE | |
r-devel-linux-x86_64-debian-gcc | 1.8.2 | 4.41 | 45.49 | 49.90 | NOTE | |
r-devel-linux-x86_64-fedora-clang | 1.8.2 | 111.05 | NOTE | |||
r-devel-linux-x86_64-fedora-gcc | 1.8.2 | 108.72 | NOTE | |||
r-devel-windows-ix86+x86_64 | 1.8.2 | 10.00 | 83.00 | 93.00 | OK | |
r-patched-linux-x86_64 | 1.8.2 | 4.24 | 46.66 | 50.90 | NOTE | |
r-patched-solaris-x86 | 1.8.2 | 153.30 | NOTE | |||
r-release-linux-x86_64 | 1.8.2 | 4.54 | 46.52 | 51.06 | NOTE | |
r-release-windows-ix86+x86_64 | 1.8.2 | 10.00 | 80.00 | 90.00 | OK | |
r-release-osx-x86_64 | 1.8.2 | NOTE | ||||
r-oldrel-windows-ix86+x86_64 | 1.8.2 | 11.00 | 78.00 | 89.00 | OK | |
r-oldrel-osx-x86_64 | 1.8.2 | NOTE |
Version: 1.8.2
Check: package dependencies
Result: NOTE
Package suggested but not available for checking: ‘ggsubplot’
Flavors: r-devel-linux-x86_64-debian-clang, r-devel-linux-x86_64-debian-gcc, r-devel-linux-x86_64-fedora-clang, r-devel-linux-x86_64-fedora-gcc, r-patched-linux-x86_64, r-patched-solaris-x86, r-release-linux-x86_64, r-release-osx-x86_64, r-oldrel-osx-x86_64
Version: 1.8.2
Check: dependencies in R code
Result: NOTE
Invalid MIT-MAGIC-COOKIE-1 key
Flavor: r-oldrel-osx-x86_64