CRAN Package Check Results for Package polypoly

Last updated on 2017-09-26 01:47:32.

Flavor Version Tinstall Tcheck Ttotal Status Flags
r-devel-linux-x86_64-debian-clang 0.0.2 0.68 24.96 25.64 OK
r-devel-linux-x86_64-debian-gcc 0.0.2 0.74 24.11 24.85 OK
r-devel-linux-x86_64-fedora-clang 0.0.2 47.11 OK
r-devel-linux-x86_64-fedora-gcc 0.0.2 46.82 OK
r-devel-windows-ix86+x86_64 0.0.2 3.00 46.00 49.00 OK
r-patched-linux-x86_64 0.0.2 0.61 24.90 25.51 OK
r-patched-solaris-x86 0.0.2 58.10 OK
r-release-linux-x86_64 0.0.2 0.57 24.54 25.11 OK
r-release-windows-ix86+x86_64 0.0.2 3.00 48.00 51.00 OK
r-release-osx-x86_64 0.0.2 OK
r-oldrel-windows-ix86+x86_64 0.0.2 2.00 40.00 42.00 OK
r-oldrel-osx-x86_64 0.0.2 ERROR

Check Details

Version: 0.0.2
Check: whether package can be installed
Result: ERROR
    Installation failed.
Flavor: r-oldrel-osx-x86_64