CRAN Package Check Results for Package qlcVisualize

Last updated on 2017-09-26 01:47:44.

Flavor Version Tinstall Tcheck Ttotal Status Flags
r-devel-linux-x86_64-debian-clang 0.1.0 7.83 100.50 108.33 OK
r-devel-linux-x86_64-debian-gcc 0.1.0 7.99 96.39 104.37 OK
r-devel-linux-x86_64-fedora-clang 0.1.0 228.95 NOTE
r-devel-linux-x86_64-fedora-gcc 0.1.0 226.26 NOTE
r-devel-windows-ix86+x86_64 0.1.0 24.00 161.00 185.00 OK
r-patched-linux-x86_64 0.1.0 8.77 101.63 110.39 OK
r-patched-solaris-x86 0.1.0 325.70 NOTE
r-release-linux-x86_64 0.1.0 8.15 100.75 108.90 OK
r-release-windows-ix86+x86_64 0.1.0 24.00 174.00 198.00 OK
r-release-osx-x86_64 0.1.0 NOTE
r-oldrel-windows-ix86+x86_64 0.1.0 25.00 184.00 209.00 OK
r-oldrel-osx-x86_64 0.1.0 NOTE

Check Details

Version: 0.1.0
Check: data for non-ASCII characters
Result: NOTE
     Note: found 727 marked UTF-8 strings
Flavors: r-devel-linux-x86_64-fedora-clang, r-devel-linux-x86_64-fedora-gcc, r-patched-solaris-x86, r-release-osx-x86_64, r-oldrel-osx-x86_64