Last updated on 2017-09-26 01:47:45.
Flavor | Version | Tinstall | Tcheck | Ttotal | Status | Flags |
---|---|---|---|---|---|---|
r-devel-linux-x86_64-debian-clang | 0.1.1 | 9.38 | 89.12 | 98.49 | NOTE | |
r-devel-linux-x86_64-debian-gcc | 0.1.1 | 8.43 | 85.87 | 94.31 | NOTE | |
r-devel-linux-x86_64-fedora-clang | 0.1.1 | 178.69 | NOTE | |||
r-devel-linux-x86_64-fedora-gcc | 0.1.1 | 177.63 | NOTE | |||
r-devel-windows-ix86+x86_64 | 0.1.1 | 17.00 | 129.00 | 146.00 | NOTE | |
r-patched-linux-x86_64 | 0.1.1 | 8.70 | 86.44 | 95.15 | NOTE | |
r-patched-solaris-x86 | 0.1.1 | 241.80 | NOTE | |||
r-release-linux-x86_64 | 0.1.1 | 8.59 | 87.63 | 96.22 | NOTE | |
r-release-windows-ix86+x86_64 | 0.1.1 | 16.00 | 131.00 | 147.00 | NOTE | |
r-release-osx-x86_64 | 0.1.1 | NOTE | ||||
r-oldrel-windows-ix86+x86_64 | 0.1.1 | 23.00 | 130.00 | 153.00 | NOTE | |
r-oldrel-osx-x86_64 | 0.1.1 | ERROR |
Version: 0.1.1
Check: package dependencies
Result: NOTE
Package suggested but not available for checking: ‘fastshp’
Flavors: r-devel-linux-x86_64-debian-clang, r-devel-linux-x86_64-debian-gcc, r-devel-linux-x86_64-fedora-clang, r-devel-linux-x86_64-fedora-gcc, r-devel-windows-ix86+x86_64, r-patched-linux-x86_64, r-patched-solaris-x86, r-release-linux-x86_64, r-release-windows-ix86+x86_64, r-release-osx-x86_64, r-oldrel-windows-ix86+x86_64, r-oldrel-osx-x86_64
Version: 0.1.1
Check: dependencies in R code
Result: NOTE
Namespace in Imports field not imported from: ‘rgdal’
All declared Imports should be used.
Flavors: r-devel-linux-x86_64-fedora-clang, r-devel-linux-x86_64-fedora-gcc, r-patched-solaris-x86, r-release-osx-x86_64
Version: 0.1.1
Check: whether package can be installed
Result: ERROR
Installation failed.
Flavor: r-oldrel-osx-x86_64