Last updated on 2017-09-26 01:47:45.
Flavor | Version | Tinstall | Tcheck | Ttotal | Status | Flags |
---|---|---|---|---|---|---|
r-devel-linux-x86_64-debian-clang | 2.1.5 | 3.88 | 54.75 | 58.63 | OK | |
r-devel-linux-x86_64-debian-gcc | 2.1.5 | 3.58 | 53.33 | 56.91 | OK | |
r-devel-linux-x86_64-fedora-clang | 2.1.5 | 106.06 | NOTE | |||
r-devel-linux-x86_64-fedora-gcc | 2.1.5 | 100.97 | NOTE | |||
r-devel-windows-ix86+x86_64 | 2.1.5 | 15.00 | 120.00 | 135.00 | NOTE | |
r-patched-linux-x86_64 | 2.1.5 | 3.64 | 52.22 | 55.86 | OK | |
r-patched-solaris-x86 | 2.1.5 | 128.30 | NOTE | |||
r-release-linux-x86_64 | 2.1.5 | 3.68 | 53.10 | 56.77 | OK | |
r-release-windows-ix86+x86_64 | 2.1.5 | 15.00 | 117.00 | 132.00 | NOTE | |
r-release-osx-x86_64 | 2.1.5 | NOTE | ||||
r-oldrel-windows-ix86+x86_64 | 2.1.5 | 14.00 | 120.00 | 134.00 | NOTE | |
r-oldrel-osx-x86_64 | 2.1.5 | NOTE |
Version: 2.1.5
Check: installed package size
Result: NOTE
installed size is 7.8Mb
sub-directories of 1Mb or more:
htmlwidgets 6.4Mb
Flavors: r-devel-linux-x86_64-fedora-clang, r-devel-linux-x86_64-fedora-gcc, r-devel-windows-ix86+x86_64, r-patched-solaris-x86, r-release-windows-ix86+x86_64, r-release-osx-x86_64, r-oldrel-windows-ix86+x86_64, r-oldrel-osx-x86_64