Last updated on 2017-09-26 01:47:45.
Flavor | Version | Tinstall | Tcheck | Ttotal | Status | Flags |
---|---|---|---|---|---|---|
r-devel-linux-x86_64-debian-clang | 0.3.1 | 1.64 | 14.21 | 15.85 | NOTE | |
r-devel-linux-x86_64-debian-gcc | 0.3.1 | 1.11 | 13.49 | 14.60 | NOTE | |
r-devel-linux-x86_64-fedora-clang | 0.3.1 | 24.96 | NOTE | |||
r-devel-linux-x86_64-fedora-gcc | 0.3.1 | 24.08 | NOTE | |||
r-devel-windows-ix86+x86_64 | 0.3.1 | 10.00 | 33.00 | 43.00 | OK | |
r-patched-linux-x86_64 | 0.3.1 | 1.10 | 13.93 | 15.04 | NOTE | |
r-patched-solaris-x86 | 0.3.1 | 35.20 | OK | |||
r-release-linux-x86_64 | 0.3.1 | 1.18 | 13.93 | 15.11 | NOTE | |
r-release-windows-ix86+x86_64 | 0.3.1 | 10.00 | 37.00 | 47.00 | OK | |
r-release-osx-x86_64 | 0.3.1 | OK | ||||
r-oldrel-windows-ix86+x86_64 | 0.3.1 | 10.00 | 33.00 | 43.00 | OK | |
r-oldrel-osx-x86_64 | 0.3.1 | OK |
Version: 0.3.1
Check: compiled code
Result: NOTE
File ‘rappdirs/libs/rappdirs.so’:
Found no calls to: ‘R_registerRoutines’, ‘R_useDynamicSymbols’
It is good practice to register native routines and to disable symbol
search.
See ‘Writing portable packages’ in the ‘Writing R Extensions’ manual.
Flavors: r-devel-linux-x86_64-debian-clang, r-devel-linux-x86_64-debian-gcc, r-devel-linux-x86_64-fedora-clang, r-devel-linux-x86_64-fedora-gcc, r-patched-linux-x86_64, r-release-linux-x86_64