Last updated on 2017-09-26 01:47:45.
Flavor | Version | Tinstall | Tcheck | Ttotal | Status | Flags |
---|---|---|---|---|---|---|
r-devel-linux-x86_64-debian-clang | 0.3.7 | 0.78 | 16.15 | 16.93 | OK | |
r-devel-linux-x86_64-debian-gcc | 0.3.7 | 0.76 | 16.55 | 17.31 | OK | |
r-devel-linux-x86_64-fedora-clang | 0.3.7 | 31.21 | NOTE | |||
r-devel-linux-x86_64-fedora-gcc | 0.3.7 | 30.54 | NOTE | |||
r-devel-windows-ix86+x86_64 | 0.3.7 | 4.00 | 36.00 | 40.00 | OK | |
r-patched-linux-x86_64 | 0.3.7 | 0.69 | 15.92 | 16.61 | OK | |
r-patched-solaris-x86 | 0.3.7 | 38.50 | NOTE | |||
r-release-linux-x86_64 | 0.3.7 | 0.70 | 15.93 | 16.63 | OK | |
r-release-windows-ix86+x86_64 | 0.3.7 | 2.00 | 34.00 | 36.00 | OK | |
r-release-osx-x86_64 | 0.3.7 | NOTE | ||||
r-oldrel-windows-ix86+x86_64 | 0.3.7 | 5.00 | 31.00 | 36.00 | OK | |
r-oldrel-osx-x86_64 | 0.3.7 | NOTE |
Version: 0.3.7
Check: dependencies in R code
Result: NOTE
Namespace in Imports field not imported from: ‘dplyr’
All declared Imports should be used.
Flavors: r-devel-linux-x86_64-fedora-clang, r-devel-linux-x86_64-fedora-gcc, r-patched-solaris-x86, r-release-osx-x86_64, r-oldrel-osx-x86_64