Last updated on 2017-09-26 01:47:46.
Flavor | Version | Tinstall | Tcheck | Ttotal | Status | Flags |
---|---|---|---|---|---|---|
r-devel-linux-x86_64-debian-clang | 1.0.0 | 41.17 | 23.30 | 64.46 | OK | |
r-devel-linux-x86_64-debian-gcc | 1.0.0 | 34.68 | 23.23 | 57.92 | OK | |
r-devel-linux-x86_64-fedora-clang | 1.0.0 | 110.37 | OK | |||
r-devel-linux-x86_64-fedora-gcc | 1.0.0 | 108.22 | NOTE | |||
r-devel-windows-ix86+x86_64 | 1.0.0 | 95.00 | 76.00 | 171.00 | OK | |
r-patched-linux-x86_64 | 1.0.0 | 34.08 | 23.46 | 57.54 | OK | |
r-patched-solaris-x86 | 1.0.0 | 113.90 | OK | |||
r-release-linux-x86_64 | 1.0.0 | 33.79 | 24.32 | 58.10 | OK | |
r-release-windows-ix86+x86_64 | 1.0.0 | 105.00 | 81.00 | 186.00 | OK | |
r-release-osx-x86_64 | 1.0.0 | OK | ||||
r-oldrel-windows-ix86+x86_64 | 1.0.0 | 136.00 | 64.00 | 200.00 | OK | |
r-oldrel-osx-x86_64 | 1.0.0 | OK |
Version: 1.0.0
Check: installed package size
Result: NOTE
installed size is 5.7Mb
sub-directories of 1Mb or more:
libs 4.3Mb
Flavor: r-devel-linux-x86_64-fedora-gcc