Last updated on 2017-09-26 01:47:46.
Flavor | Version | Tinstall | Tcheck | Ttotal | Status | Flags |
---|---|---|---|---|---|---|
r-devel-linux-x86_64-debian-clang | 0.3.0 | 45.96 | 33.54 | 79.50 | OK | |
r-devel-linux-x86_64-debian-gcc | 0.3.0 | 40.50 | 32.73 | 73.22 | OK | |
r-devel-linux-x86_64-fedora-clang | 0.3.0 | 140.21 | NOTE | |||
r-devel-linux-x86_64-fedora-gcc | 0.3.0 | 135.03 | NOTE | |||
r-devel-windows-ix86+x86_64 | 0.3.0 | 165.00 | 82.00 | 247.00 | OK | |
r-patched-linux-x86_64 | 0.3.0 | 40.27 | 31.76 | 72.04 | OK | |
r-patched-solaris-x86 | 0.3.0 | 126.80 | WARN | |||
r-release-linux-x86_64 | 0.3.0 | 40.11 | 31.28 | 71.39 | OK | |
r-release-windows-ix86+x86_64 | 0.3.0 | 125.00 | 86.00 | 211.00 | OK | |
r-release-osx-x86_64 | 0.3.0 | WARN | ||||
r-oldrel-windows-ix86+x86_64 | 0.3.0 | 165.00 | 79.00 | 244.00 | OK | |
r-oldrel-osx-x86_64 | 0.3.0 | WARN |
Version: 0.3.0
Check: installed package size
Result: NOTE
installed size is 5.4Mb
sub-directories of 1Mb or more:
doc 2.5Mb
libs 2.7Mb
Flavors: r-devel-linux-x86_64-fedora-clang, r-devel-linux-x86_64-fedora-gcc
Version: 0.3.0
Check: re-building of vignette outputs
Result: WARN
Error in re-building vignettes:
...
Warning in engine$weave(file, quiet = quiet, encoding = enc) :
Pandoc (>= 1.12.3) and/or pandoc-citeproc not available. Falling back to R Markdown v1.
Quitting from lines 13-17 (recexcavAAR-vignette-1.Rmd)
Error: processing vignette 'recexcavAAR-vignette-1.Rmd' failed with diagnostics:
These vignettes assume pandoc version 1.13.1; older versions will not work.
Execution halted
Flavors: r-patched-solaris-x86, r-release-osx-x86_64, r-oldrel-osx-x86_64
Version: 0.3.0
Check: package dependencies
Result: NOTE
Package suggested but not available for checking: ‘devtools’
Flavor: r-release-osx-x86_64