Last updated on 2017-09-26 01:47:47.
Flavor | Version | Tinstall | Tcheck | Ttotal | Status | Flags |
---|---|---|---|---|---|---|
r-devel-linux-x86_64-debian-clang | 0.5.3 | 3.00 | 54.25 | 57.24 | OK | |
r-devel-linux-x86_64-debian-gcc | 0.5.3 | 2.86 | 53.52 | 56.39 | OK | |
r-devel-linux-x86_64-fedora-clang | 0.5.3 | 102.93 | NOTE | |||
r-devel-linux-x86_64-fedora-gcc | 0.5.3 | 102.62 | NOTE | |||
r-devel-windows-ix86+x86_64 | 0.5.3 | 8.00 | 98.00 | 106.00 | OK | |
r-patched-linux-x86_64 | 0.5.3 | 2.98 | 50.31 | 53.29 | OK | |
r-patched-solaris-x86 | 0.5.3 | 112.40 | NOTE | |||
r-release-linux-x86_64 | 0.5.3 | 2.94 | 51.97 | 54.91 | OK | |
r-release-windows-ix86+x86_64 | 0.5.3 | 8.00 | 94.00 | 102.00 | OK | |
r-release-osx-x86_64 | 0.5.3 | NOTE | ||||
r-oldrel-windows-ix86+x86_64 | 0.5.3 | 11.00 | 91.00 | 102.00 | OK | |
r-oldrel-osx-x86_64 | 0.5.3 | NOTE |
Version: 0.5.3
Check: package dependencies
Result: NOTE
Package suggested but not available for checking: ‘magick’
Flavors: r-devel-linux-x86_64-fedora-clang, r-patched-solaris-x86
Version: 0.5.3
Check: dependencies in R code
Result: NOTE
Namespace in Imports field not imported from: ‘RSQLite’
All declared Imports should be used.
Flavors: r-devel-linux-x86_64-fedora-clang, r-devel-linux-x86_64-fedora-gcc, r-patched-solaris-x86, r-release-osx-x86_64, r-oldrel-osx-x86_64