Last updated on 2017-09-26 01:47:47.
Flavor | Version | Tinstall | Tcheck | Ttotal | Status | Flags |
---|---|---|---|---|---|---|
r-devel-linux-x86_64-debian-clang | 0.5.12 | 2.99 | 63.83 | 66.82 | OK | |
r-devel-linux-x86_64-debian-gcc | 0.5.12 | 2.76 | 63.06 | 65.82 | OK | |
r-devel-linux-x86_64-fedora-clang | 0.5.12 | 121.10 | OK | |||
r-devel-linux-x86_64-fedora-gcc | 0.5.12 | 123.45 | OK | |||
r-devel-windows-ix86+x86_64 | 0.5.12 | 15.00 | 170.00 | 185.00 | OK | |
r-patched-linux-x86_64 | 0.5.12 | 2.94 | 64.36 | 67.30 | OK | |
r-patched-solaris-x86 | 0.5.12 | 166.10 | OK | |||
r-release-linux-x86_64 | 0.5.12 | 2.68 | 64.00 | 66.68 | OK | |
r-release-windows-ix86+x86_64 | 0.5.12 | 14.00 | 162.00 | 176.00 | OK | |
r-release-osx-x86_64 | 0.5.12 | NOTE | ||||
r-oldrel-windows-ix86+x86_64 | 0.5.12 | 12.00 | 167.00 | 179.00 | OK | |
r-oldrel-osx-x86_64 | 0.5.12 | OK |
Version: 0.5.12
Check: package dependencies
Result: NOTE
Packages suggested but not available for checking:
‘gWidgets2RGtk2’ ‘cairoDevice’ ‘RGtk2’
Flavor: r-release-osx-x86_64