Last updated on 2017-09-26 01:47:47.
Flavor | Version | Tinstall | Tcheck | Ttotal | Status | Flags |
---|---|---|---|---|---|---|
r-devel-linux-x86_64-debian-clang | 0.1.0 | 1.94 | 29.81 | 31.75 | OK | |
r-devel-linux-x86_64-debian-gcc | 0.1.0 | 2.09 | 29.32 | 31.40 | OK | |
r-devel-linux-x86_64-fedora-clang | 0.1.0 | 57.17 | OK | |||
r-devel-linux-x86_64-fedora-gcc | 0.1.0 | 56.59 | OK | |||
r-devel-windows-ix86+x86_64 | 0.1.0 | 7.00 | 62.00 | 69.00 | OK | |
r-patched-linux-x86_64 | 0.1.0 | 2.09 | 29.67 | 31.76 | OK | |
r-patched-solaris-x86 | 0.1.0 | 71.60 | OK | |||
r-release-linux-x86_64 | 0.1.0 | 2.01 | 29.46 | 31.47 | OK | |
r-release-windows-ix86+x86_64 | 0.1.0 | 7.00 | 56.00 | 63.00 | OK | |
r-release-osx-x86_64 | 0.1.0 | ERROR | ||||
r-oldrel-windows-ix86+x86_64 | 0.1.0 | 10.00 | 56.00 | 66.00 | OK | |
r-oldrel-osx-x86_64 | 0.1.0 | OK |
Version: 0.1.0
Check: package dependencies
Result: ERROR
Package required but not available: ‘PKI’
See section ‘The DESCRIPTION file’ in the ‘Writing R Extensions’
manual.
Flavor: r-release-osx-x86_64