CRAN Package Check Results for Package rolypoly

Last updated on 2017-09-26 01:47:48.

Flavor Version Tinstall Tcheck Ttotal Status Flags
r-devel-linux-x86_64-debian-clang 0.1.0 2.02 48.10 50.12 OK
r-devel-linux-x86_64-debian-gcc 0.1.0 1.86 45.87 47.73 OK
r-devel-linux-x86_64-fedora-clang 0.1.0 96.29 NOTE
r-devel-linux-x86_64-fedora-gcc 0.1.0 96.65 NOTE
r-devel-windows-ix86+x86_64 0.1.0 7.00 98.00 105.00 OK
r-patched-linux-x86_64 0.1.0 2.07 47.09 49.16 OK
r-patched-solaris-x86 0.1.0 120.10 NOTE
r-release-linux-x86_64 0.1.0 2.08 48.36 50.44 OK
r-release-windows-ix86+x86_64 0.1.0 7.00 82.00 89.00 OK
r-release-osx-x86_64 0.1.0 NOTE
r-oldrel-windows-ix86+x86_64 0.1.0 6.00 88.00 94.00 OK
r-oldrel-osx-x86_64 0.1.0 NOTE

Check Details

Version: 0.1.0
Check: dependencies in R code
Result: NOTE
    Namespace in Imports field not imported from: ‘matrixcalc’
     All declared Imports should be used.
Flavors: r-devel-linux-x86_64-fedora-clang, r-devel-linux-x86_64-fedora-gcc, r-patched-solaris-x86, r-release-osx-x86_64, r-oldrel-osx-x86_64