Last updated on 2017-09-26 01:47:48.
Flavor | Version | Tinstall | Tcheck | Ttotal | Status | Flags |
---|---|---|---|---|---|---|
r-devel-linux-x86_64-debian-clang | 1.4 | 4.82 | 64.70 | 69.52 | NOTE | |
r-devel-linux-x86_64-debian-gcc | 1.4 | 4.42 | 63.24 | 67.66 | NOTE | |
r-devel-linux-x86_64-fedora-clang | 1.4 | 141.35 | NOTE | |||
r-devel-linux-x86_64-fedora-gcc | 1.4 | 139.88 | NOTE | |||
r-devel-windows-ix86+x86_64 | 1.4 | 13.00 | 160.00 | 173.00 | OK | |
r-patched-linux-x86_64 | 1.4 | 4.50 | 64.02 | 68.52 | NOTE | |
r-patched-solaris-x86 | 1.4 | 188.10 | OK | |||
r-release-linux-x86_64 | 1.4 | 4.46 | 64.10 | 68.56 | NOTE | |
r-release-windows-ix86+x86_64 | 1.4 | 16.00 | 227.00 | 243.00 | OK | |
r-release-osx-x86_64 | 1.4 | OK | ||||
r-oldrel-windows-ix86+x86_64 | 1.4 | 15.00 | 161.00 | 176.00 | OK | |
r-oldrel-osx-x86_64 | 1.4 | OK |
Version: 1.4
Check: compiled code
Result: NOTE
File ‘rr/libs/rr.so’:
Found no calls to: ‘R_registerRoutines’, ‘R_useDynamicSymbols’
It is good practice to register native routines and to disable symbol
search.
See ‘Writing portable packages’ in the ‘Writing R Extensions’ manual.
Flavors: r-devel-linux-x86_64-debian-clang, r-devel-linux-x86_64-debian-gcc, r-devel-linux-x86_64-fedora-clang, r-devel-linux-x86_64-fedora-gcc, r-patched-linux-x86_64, r-release-linux-x86_64