Last updated on 2017-09-26 01:47:48.
Flavor | Version | Tinstall | Tcheck | Ttotal | Status | Flags |
---|---|---|---|---|---|---|
r-devel-linux-x86_64-debian-clang | 1.4-3 | 5.74 | 108.96 | 114.69 | NOTE | |
r-devel-linux-x86_64-debian-gcc | 1.4-3 | 4.82 | 106.25 | 111.07 | NOTE | |
r-devel-linux-x86_64-fedora-clang | 1.4-3 | 203.94 | NOTE | |||
r-devel-linux-x86_64-fedora-gcc | 1.4-3 | 198.91 | NOTE | |||
r-devel-windows-ix86+x86_64 | 1.4-3 | 31.00 | 266.00 | 297.00 | OK | |
r-patched-linux-x86_64 | 1.4-3 | 4.92 | 104.52 | 109.44 | NOTE | |
r-patched-solaris-x86 | 1.4-3 | 230.90 | OK | |||
r-release-linux-x86_64 | 1.4-3 | 5.03 | 107.59 | 112.62 | NOTE | |
r-release-windows-ix86+x86_64 | 1.4-3 | 21.00 | 242.00 | 263.00 | OK | |
r-release-osx-x86_64 | 1.4-3 | OK | ||||
r-oldrel-windows-ix86+x86_64 | 1.4-3 | 30.00 | 224.00 | 254.00 | OK | |
r-oldrel-osx-x86_64 | 1.4-3 | OK |
Version: 1.4-3
Check: compiled code
Result: NOTE
File ‘rrcov/libs/rrcov.so’:
Found no calls to: ‘R_registerRoutines’, ‘R_useDynamicSymbols’
It is good practice to register native routines and to disable symbol
search.
See ‘Writing portable packages’ in the ‘Writing R Extensions’ manual.
Flavors: r-devel-linux-x86_64-debian-clang, r-devel-linux-x86_64-debian-gcc, r-devel-linux-x86_64-fedora-clang, r-devel-linux-x86_64-fedora-gcc, r-patched-linux-x86_64, r-release-linux-x86_64