Last updated on 2017-09-26 01:47:48.
Flavor | Version | Tinstall | Tcheck | Ttotal | Status | Flags |
---|---|---|---|---|---|---|
r-devel-linux-x86_64-debian-clang | 0.4-9 | 3.07 | 35.51 | 38.58 | NOTE | |
r-devel-linux-x86_64-debian-gcc | 0.4-9 | 3.08 | 35.08 | 38.16 | NOTE | |
r-devel-linux-x86_64-fedora-clang | 0.4-9 | 67.80 | NOTE | |||
r-devel-linux-x86_64-fedora-gcc | 0.4-9 | 67.37 | NOTE | |||
r-devel-windows-ix86+x86_64 | 0.4-9 | 14.00 | 88.00 | 102.00 | OK | |
r-patched-linux-x86_64 | 0.4-9 | 3.17 | 35.19 | 38.36 | NOTE | |
r-patched-solaris-x86 | 0.4-9 | 85.40 | OK | |||
r-release-linux-x86_64 | 0.4-9 | 3.17 | 35.81 | 38.98 | NOTE | |
r-release-windows-ix86+x86_64 | 0.4-9 | 13.00 | 83.00 | 96.00 | OK | |
r-release-osx-x86_64 | 0.4-9 | OK | ||||
r-oldrel-windows-ix86+x86_64 | 0.4-9 | 19.00 | 72.00 | 91.00 | OK | |
r-oldrel-osx-x86_64 | 0.4-9 | OK |
Version: 0.4-9
Check: compiled code
Result: NOTE
File ‘rrcovNA/libs/rrcovNA.so’:
Found no calls to: ‘R_registerRoutines’, ‘R_useDynamicSymbols’
It is good practice to register native routines and to disable symbol
search.
See ‘Writing portable packages’ in the ‘Writing R Extensions’ manual.
Flavors: r-devel-linux-x86_64-debian-clang, r-devel-linux-x86_64-debian-gcc, r-devel-linux-x86_64-fedora-clang, r-devel-linux-x86_64-fedora-gcc, r-patched-linux-x86_64, r-release-linux-x86_64