Last updated on 2017-09-26 01:47:48.
Flavor | Version | Tinstall | Tcheck | Ttotal | Status | Flags |
---|---|---|---|---|---|---|
r-devel-linux-x86_64-debian-clang | 1.3 | 1.79 | 33.50 | 35.29 | OK | |
r-devel-linux-x86_64-debian-gcc | 1.3 | 1.86 | 32.94 | 34.80 | OK | |
r-devel-linux-x86_64-fedora-clang | 1.3 | 61.41 | OK | |||
r-devel-linux-x86_64-fedora-gcc | 1.3 | 59.69 | OK | |||
r-devel-windows-ix86+x86_64 | 1.3 | 6.00 | 61.00 | 67.00 | OK | |
r-patched-linux-x86_64 | 1.3 | 1.68 | 32.91 | 34.59 | OK | |
r-patched-solaris-x86 | 1.3 | 78.90 | OK | |||
r-release-linux-x86_64 | 1.3 | 1.63 | 34.30 | 35.93 | OK | |
r-release-windows-ix86+x86_64 | 1.3 | 5.00 | 90.00 | 95.00 | OK | |
r-release-osx-x86_64 | 1.3 | OK | ||||
r-oldrel-windows-ix86+x86_64 | 1.3 | 5.00 | 56.00 | 61.00 | OK | |
r-oldrel-osx-x86_64 | 1.3 | WARN |
Version: 1.3
Check: whether package can be installed
Result: WARN
Found the following significant warnings:
Warning: 'rgl_init' failed, running with rgl.useNULL = TRUE
Flavor: r-oldrel-osx-x86_64
Version: 1.3
Check: dependencies in R code
Result: NOTE
Invalid MIT-MAGIC-COOKIE-1 key
Flavor: r-oldrel-osx-x86_64
Version: 1.3
Check: S3 generic/method consistency
Result: WARN
Invalid MIT-MAGIC-COOKIE-1 key
See section ‘Generic functions and methods’ in the ‘Writing R
Extensions’ manual.
Flavor: r-oldrel-osx-x86_64
Version: 1.3
Check: replacement functions
Result: WARN
Invalid MIT-MAGIC-COOKIE-1 key
The argument of a replacement function which corresponds to the right
hand side must be named ‘value’.
Flavor: r-oldrel-osx-x86_64
Version: 1.3
Check: foreign function calls
Result: NOTE
Invalid MIT-MAGIC-COOKIE-1 key
See chapter ‘System and foreign language interfaces’ in the ‘Writing R
Extensions’ manual.
Flavor: r-oldrel-osx-x86_64
Version: 1.3
Check: R code for possible problems
Result: NOTE
Invalid MIT-MAGIC-COOKIE-1 key
Flavor: r-oldrel-osx-x86_64
Version: 1.3
Check: for missing documentation entries
Result: WARN
Invalid MIT-MAGIC-COOKIE-1 key
All user-level objects in a package should have documentation entries.
See chapter ‘Writing R documentation files’ in the ‘Writing R
Extensions’ manual.
Flavor: r-oldrel-osx-x86_64
Version: 1.3
Check: for code/documentation mismatches
Result: WARN
Invalid MIT-MAGIC-COOKIE-1 key
Invalid MIT-MAGIC-COOKIE-1 key
Invalid MIT-MAGIC-COOKIE-1 key
Flavor: r-oldrel-osx-x86_64
Version: 1.3
Check: Rd \usage sections
Result: NOTE
Invalid MIT-MAGIC-COOKIE-1 key
The \usage entries for S3 methods should use the \method markup and not
their full name.
See chapter ‘Writing R documentation files’ in the ‘Writing R
Extensions’ manual.
Flavor: r-oldrel-osx-x86_64