CRAN Package Check Results for Package sBIC

Last updated on 2017-09-26 01:47:51.

Flavor Version Tinstall Tcheck Ttotal Status Flags
r-devel-linux-x86_64-debian-clang 0.2.0 11.15 111.77 122.93 NOTE
r-devel-linux-x86_64-debian-gcc 0.2.0 9.44 108.01 117.45 NOTE
r-devel-linux-x86_64-fedora-clang 0.2.0 230.77 NOTE
r-devel-linux-x86_64-fedora-gcc 0.2.0 222.84 NOTE
r-devel-windows-ix86+x86_64 0.2.0 27.00 257.00 284.00 OK
r-patched-linux-x86_64 0.2.0 9.67 111.32 120.99 NOTE
r-patched-solaris-x86 0.2.0 248.60 OK
r-release-linux-x86_64 0.2.0 9.16 111.08 120.24 NOTE
r-release-windows-ix86+x86_64 0.2.0 26.00 218.00 244.00 OK
r-release-osx-x86_64 0.2.0 OK
r-oldrel-windows-ix86+x86_64 0.2.0 30.00 251.00 281.00 OK
r-oldrel-osx-x86_64 0.2.0 OK

Check Details

Version: 0.2.0
Check: compiled code
Result: NOTE
    File ‘sBIC/libs/sBIC.so’:
     Found no calls to: ‘R_registerRoutines’, ‘R_useDynamicSymbols’
    
    It is good practice to register native routines and to disable symbol
    search.
    
    See ‘Writing portable packages’ in the ‘Writing R Extensions’ manual.
Flavors: r-devel-linux-x86_64-debian-clang, r-devel-linux-x86_64-debian-gcc, r-devel-linux-x86_64-fedora-clang, r-devel-linux-x86_64-fedora-gcc, r-patched-linux-x86_64, r-release-linux-x86_64