Last updated on 2017-09-26 01:47:51.
Flavor | Version | Tinstall | Tcheck | Ttotal | Status | Flags |
---|---|---|---|---|---|---|
r-devel-linux-x86_64-debian-clang | 0.4.0 | 3.08 | 51.91 | 54.99 | OK | |
r-devel-linux-x86_64-debian-gcc | 0.4.0 | 2.98 | 51.59 | 54.56 | OK | |
r-devel-linux-x86_64-fedora-clang | 0.4.0 | 101.42 | OK | |||
r-devel-linux-x86_64-fedora-gcc | 0.4.0 | 103.16 | OK | |||
r-devel-windows-ix86+x86_64 | 0.4.0 | 13.00 | 121.00 | 134.00 | OK | |
r-patched-linux-x86_64 | 0.4.0 | 3.26 | 52.31 | 55.57 | OK | |
r-patched-solaris-x86 | 0.4.0 | 132.60 | OK | |||
r-release-linux-x86_64 | 0.4.0 | 2.92 | 52.27 | 55.19 | OK | |
r-release-windows-ix86+x86_64 | 0.4.0 | 14.00 | 114.00 | 128.00 | OK | |
r-release-osx-x86_64 | 0.4.0 | NOTE | ||||
r-oldrel-windows-ix86+x86_64 | 0.4.0 | 17.00 | 110.00 | 127.00 | OK | |
r-oldrel-osx-x86_64 | 0.4.0 | OK |
Version: 0.4.0
Check: re-building of vignette outputs
Result: NOTE
Error in re-building vignettes:
...
Loading required package: bbmle
Loading required package: stats4
Error in texi2dvi(file = file, pdf = TRUE, clean = clean, quiet = quiet, :
Running 'texi2dvi' on 'sads_intro.tex' failed.
LaTeX errors:
! LaTeX Error: File `framed.sty' not found.
Type X to quit or <RETURN> to proceed,
or enter new name. (Default extension: sty)
! Emergency stop.
<read *>
l.10 \usepackage
{xspace}^^M
! ==> Fatal error occurred, no output PDF file produced!
Calls: buildVignettes -> texi2pdf -> texi2dvi
Execution halted
Flavor: r-release-osx-x86_64