CRAN Package Check Results for Package sand

Last updated on 2017-09-26 01:47:51.

Flavor Version Tinstall Tcheck Ttotal Status Flags
r-devel-linux-x86_64-debian-clang 1.0.3 0.84 15.37 16.21 OK
r-devel-linux-x86_64-debian-gcc 1.0.3 0.87 14.94 15.81 OK
r-devel-linux-x86_64-fedora-clang 1.0.3 27.66 NOTE
r-devel-linux-x86_64-fedora-gcc 1.0.3 26.24 NOTE
r-devel-windows-ix86+x86_64 1.0.3 3.00 37.00 40.00 OK
r-patched-linux-x86_64 1.0.3 0.95 15.17 16.12 OK
r-patched-solaris-x86 1.0.3 47.50 NOTE
r-release-linux-x86_64 1.0.3 0.84 15.47 16.31 OK
r-release-windows-ix86+x86_64 1.0.3 3.00 32.00 35.00 OK
r-release-osx-x86_64 1.0.3 NOTE
r-oldrel-windows-ix86+x86_64 1.0.3 3.00 34.00 37.00 OK
r-oldrel-osx-x86_64 1.0.3 NOTE

Check Details

Version: 1.0.3
Check: data for non-ASCII characters
Result: NOTE
     Note: found 6 marked UTF-8 strings
Flavors: r-devel-linux-x86_64-fedora-clang, r-devel-linux-x86_64-fedora-gcc, r-patched-solaris-x86, r-release-osx-x86_64, r-oldrel-osx-x86_64

Version: 1.0.3
Check: package dependencies
Result: NOTE
    Packages suggested but not available for checking:
     ‘GO.db’ ‘GOstats’ ‘networkTomography’ ‘org.Sc.sgd.db’
Flavor: r-release-osx-x86_64

Version: 1.0.3
Check: package dependencies
Result: NOTE
    Package suggested but not available for checking: ‘org.Sc.sgd.db’
Flavor: r-oldrel-osx-x86_64