Last updated on 2017-09-26 01:47:51.
Flavor | Version | Tinstall | Tcheck | Ttotal | Status | Flags |
---|---|---|---|---|---|---|
r-devel-linux-x86_64-debian-clang | 0.9 | 4.58 | 76.84 | 81.42 | NOTE | |
r-devel-linux-x86_64-debian-gcc | 0.9 | 4.45 | 75.00 | 79.45 | NOTE | |
r-devel-linux-x86_64-fedora-clang | 0.9 | 156.79 | NOTE | |||
r-devel-linux-x86_64-fedora-gcc | 0.9 | 153.52 | NOTE | |||
r-devel-windows-ix86+x86_64 | 0.9 | 12.00 | 123.00 | 135.00 | NOTE | |
r-patched-linux-x86_64 | 0.9 | 4.62 | 77.77 | 82.39 | NOTE | |
r-patched-solaris-x86 | 0.9 | 227.00 | NOTE | |||
r-release-linux-x86_64 | 0.9 | 4.77 | 78.46 | 83.23 | NOTE | |
r-release-windows-ix86+x86_64 | 0.9 | 10.00 | 127.00 | 137.00 | NOTE | |
r-release-osx-x86_64 | 0.9 | OK | ||||
r-oldrel-windows-ix86+x86_64 | 0.9 | 12.00 | 125.00 | 137.00 | OK | |
r-oldrel-osx-x86_64 | 0.9 | OK |
Version: 0.9
Check: Rd \usage sections
Result: NOTE
S3 methods shown with full name in documentation object 'cbind.Simulations':
‘cbind.Simulations’
The \usage entries for S3 methods should use the \method markup and not
their full name.
See chapter ‘Writing R documentation files’ in the ‘Writing R
Extensions’ manual.
Flavors: r-devel-linux-x86_64-debian-clang, r-devel-linux-x86_64-debian-gcc, r-devel-linux-x86_64-fedora-clang, r-devel-linux-x86_64-fedora-gcc, r-devel-windows-ix86+x86_64, r-patched-linux-x86_64, r-patched-solaris-x86, r-release-linux-x86_64, r-release-windows-ix86+x86_64