CRAN Package Check Results for Package sentimentr

Last updated on 2017-09-26 01:47:51.

Flavor Version Tinstall Tcheck Ttotal Status Flags
r-devel-linux-x86_64-debian-clang 1.0.0 1.20 27.62 28.82 OK
r-devel-linux-x86_64-debian-gcc 1.0.0 1.14 26.63 27.76 OK
r-devel-linux-x86_64-fedora-clang 1.0.0 57.07 NOTE
r-devel-linux-x86_64-fedora-gcc 1.0.0 51.37 NOTE
r-devel-windows-ix86+x86_64 1.0.0 3.00 46.00 49.00 OK
r-patched-linux-x86_64 1.0.0 1.17 27.27 28.44 OK
r-patched-solaris-x86 1.0.0 69.70 NOTE
r-release-linux-x86_64 1.0.0 1.26 26.77 28.02 OK
r-release-windows-ix86+x86_64 1.0.0 4.00 48.00 52.00 OK
r-release-osx-x86_64 1.0.0 NOTE
r-oldrel-windows-ix86+x86_64 1.0.0 4.00 47.00 51.00 OK
r-oldrel-osx-x86_64 1.0.0 NOTE

Check Details

Version: 1.0.0
Check: dependencies in R code
Result: NOTE
    Namespaces in Imports field not imported from:
     ‘lexicon’ ‘syuzhet’
     All declared Imports should be used.
Flavors: r-devel-linux-x86_64-fedora-clang, r-devel-linux-x86_64-fedora-gcc, r-patched-solaris-x86, r-release-osx-x86_64, r-oldrel-osx-x86_64