Last updated on 2017-09-26 01:47:52.
Flavor | Version | Tinstall | Tcheck | Ttotal | Status | Flags |
---|---|---|---|---|---|---|
r-devel-linux-x86_64-debian-clang | 1.0.7 | 262.37 | 247.83 | 510.20 | NOTE | |
r-devel-linux-x86_64-debian-gcc | 1.0.7 | 216.45 | 241.86 | 458.31 | NOTE | |
r-devel-linux-x86_64-fedora-clang | 1.0.7 | 927.92 | NOTE | |||
r-devel-linux-x86_64-fedora-gcc | 1.0.7 | 887.04 | NOTE | |||
r-devel-windows-ix86+x86_64 | 1.0.7 | 567.00 | 374.00 | 941.00 | NOTE | |
r-patched-linux-x86_64 | 1.0.7 | 214.43 | 244.99 | 459.42 | NOTE | |
r-patched-solaris-x86 | 1.0.7 | 872.50 | NOTE | |||
r-release-linux-x86_64 | 1.0.7 | 214.88 | 246.80 | 461.68 | NOTE | |
r-release-windows-ix86+x86_64 | 1.0.7 | 585.00 | 349.00 | 934.00 | NOTE | |
r-release-osx-x86_64 | 1.0.7 | NOTE | ||||
r-oldrel-windows-ix86+x86_64 | 1.0.7 | 592.00 | 361.00 | 953.00 | NOTE | |
r-oldrel-osx-x86_64 | 1.0.7 | NOTE |
Version: 1.0.7
Check: dependencies in R code
Result: NOTE
Unexported objects imported by ':::' calls:
‘igraph:::.igraph.shapes’ ‘igraph:::i.get.arrow.mode’
‘igraph:::i.parse.plot.params’ ‘igraph:::igraph.Arrows’
‘igraph:::igraph.check.shapes’ ‘igraph:::igraph.polygon’
See the note in ?`:::` about the use of this operator.
Flavors: r-devel-linux-x86_64-debian-clang, r-devel-linux-x86_64-debian-gcc, r-devel-linux-x86_64-fedora-clang, r-devel-linux-x86_64-fedora-gcc, r-devel-windows-ix86+x86_64, r-patched-linux-x86_64, r-patched-solaris-x86, r-release-linux-x86_64, r-release-windows-ix86+x86_64, r-release-osx-x86_64, r-oldrel-windows-ix86+x86_64, r-oldrel-osx-x86_64
Version: 1.0.7
Check: installed package size
Result: NOTE
installed size is 16.6Mb
sub-directories of 1Mb or more:
doc 6.0Mb
libs 10.0Mb
Flavors: r-devel-linux-x86_64-fedora-clang, r-devel-linux-x86_64-fedora-gcc, r-devel-windows-ix86+x86_64, r-patched-solaris-x86, r-release-windows-ix86+x86_64, r-release-osx-x86_64, r-oldrel-windows-ix86+x86_64, r-oldrel-osx-x86_64