CRAN Package Check Results for Package shinyHeatmaply

Last updated on 2017-09-26 01:47:52.

Flavor Version Tinstall Tcheck Ttotal Status Flags
r-devel-linux-x86_64-debian-clang 0.1.0 3.83 44.66 48.48 OK
r-devel-linux-x86_64-debian-gcc 0.1.0 3.70 44.61 48.31 OK
r-devel-linux-x86_64-fedora-clang 0.1.0 86.74 NOTE
r-devel-linux-x86_64-fedora-gcc 0.1.0 86.25 NOTE
r-devel-windows-ix86+x86_64 0.1.0 13.00 81.00 94.00 OK
r-patched-linux-x86_64 0.1.0 3.66 45.41 49.06 OK
r-patched-solaris-x86 0.1.0 124.80 NOTE
r-release-linux-x86_64 0.1.0 3.75 46.41 50.16 OK
r-release-windows-ix86+x86_64 0.1.0 12.00 87.00 99.00 OK
r-release-osx-x86_64 0.1.0 NOTE
r-oldrel-windows-ix86+x86_64 0.1.0 11.00 85.00 96.00 OK
r-oldrel-osx-x86_64 0.1.0 NOTE

Check Details

Version: 0.1.0
Check: dependencies in R code
Result: NOTE
    Namespaces in Imports field not imported from:
     ‘RColorBrewer’ ‘htmlwidgets’ ‘jsonlite’ ‘viridis’
     All declared Imports should be used.
Flavors: r-devel-linux-x86_64-fedora-clang, r-devel-linux-x86_64-fedora-gcc, r-patched-solaris-x86, r-release-osx-x86_64, r-oldrel-osx-x86_64