Last updated on 2017-09-26 01:47:52.
Flavor | Version | Tinstall | Tcheck | Ttotal | Status | Flags |
---|---|---|---|---|---|---|
r-devel-linux-x86_64-debian-clang | 1.5.1 | 23.62 | 50.40 | 74.02 | OK | |
r-devel-linux-x86_64-debian-gcc | 1.5.1 | 21.35 | 49.45 | 70.80 | OK | |
r-devel-linux-x86_64-fedora-clang | 1.5.1 | 138.09 | OK | |||
r-devel-linux-x86_64-fedora-gcc | 1.5.1 | 133.59 | OK | |||
r-devel-windows-ix86+x86_64 | 1.5.1 | 67.00 | 129.00 | 196.00 | NOTE | |
r-patched-linux-x86_64 | 1.5.1 | 20.42 | 50.11 | 70.53 | OK | |
r-patched-solaris-x86 | 1.5.1 | 163.00 | OK | |||
r-release-linux-x86_64 | 1.5.1 | 20.64 | 51.64 | 72.28 | OK | |
r-release-windows-ix86+x86_64 | 1.5.1 | 70.00 | 115.00 | 185.00 | NOTE | |
r-release-osx-x86_64 | 1.5.1 | OK | ||||
r-oldrel-windows-ix86+x86_64 | 1.5.1 | 94.00 | 114.00 | 208.00 | NOTE | |
r-oldrel-osx-x86_64 | 1.5.1 | OK |
Version: 1.5.1
Check: package dependencies
Result: NOTE
Package suggested but not available for checking: 'rPython'
Flavors: r-devel-windows-ix86+x86_64, r-release-windows-ix86+x86_64, r-oldrel-windows-ix86+x86_64