CRAN Package Check Results for Package sparsebnUtils

Last updated on 2017-09-26 01:47:53.

Flavor Version Tinstall Tcheck Ttotal Status Flags
r-devel-linux-x86_64-debian-clang 0.0.5 1.20 28.42 29.63 NOTE
r-devel-linux-x86_64-debian-gcc 0.0.5 0.93 28.82 29.75 NOTE
r-devel-linux-x86_64-fedora-clang 0.0.5 53.85 NOTE
r-devel-linux-x86_64-fedora-gcc 0.0.5 53.09 NOTE
r-devel-windows-ix86+x86_64 0.0.5 6.00 50.00 56.00 NOTE
r-patched-linux-x86_64 0.0.5 1.10 28.61 29.71 NOTE
r-patched-solaris-x86 0.0.5 73.00 NOTE
r-release-linux-x86_64 0.0.5 1.07 29.49 30.56 NOTE
r-release-windows-ix86+x86_64 0.0.5 3.00 77.00 80.00 NOTE
r-release-osx-x86_64 0.0.5 ERROR
r-oldrel-windows-ix86+x86_64 0.0.5 5.00 48.00 53.00 NOTE
r-oldrel-osx-x86_64 0.0.5 NOTE

Check Details

Version: 0.0.5
Check: dependencies in R code
Result: NOTE
    Unexported object imported by a ':::' call: ‘igraph:::as_graphnel’
     See the note in ?`:::` about the use of this operator.
Flavors: r-devel-linux-x86_64-debian-clang, r-devel-linux-x86_64-debian-gcc, r-devel-linux-x86_64-fedora-clang, r-devel-linux-x86_64-fedora-gcc, r-devel-windows-ix86+x86_64, r-patched-linux-x86_64, r-patched-solaris-x86, r-release-linux-x86_64, r-release-windows-ix86+x86_64, r-release-osx-x86_64, r-oldrel-windows-ix86+x86_64, r-oldrel-osx-x86_64

Version: 0.0.5
Check: package dependencies
Result: NOTE
    Package suggested but not available for checking: ‘RCy3’
Flavors: r-devel-linux-x86_64-fedora-clang, r-devel-linux-x86_64-fedora-gcc, r-patched-solaris-x86, r-oldrel-osx-x86_64

Version: 0.0.5
Check: package dependencies
Result: NOTE
    Packages suggested but not available for checking: ‘graph’ ‘RCy3’
Flavor: r-release-osx-x86_64

Version: 0.0.5
Check: Rd cross-references
Result: NOTE
    Package unavailable to check Rd xrefs: ‘graph’
Flavor: r-release-osx-x86_64

Version: 0.0.5
Check: tests
Result: ERROR
     Running ‘testthat.R’ [1s/1s]
    Running the tests in ‘tests/testthat.R’ failed.
    Complete output:
     > library(testthat)
     > library(sparsebnUtils)
     >
     > test_check("sparsebnUtils")
     Error in loadNamespace(name) : there is no package called 'graph'
     Calls: test_check ... tryCatch -> tryCatchList -> tryCatchOne -> <Anonymous>
     testthat results ================================================================
     OK: 0 SKIPPED: 0 FAILED: 0
     Execution halted
Flavor: r-release-osx-x86_64