CRAN Package Check Results for Package spatstat

Last updated on 2017-09-26 01:47:53.

Flavor Version Tinstall Tcheck Ttotal Status Flags
r-devel-linux-x86_64-debian-clang 1.52-1 103.79 524.58 628.38 OK --no-tests
r-devel-linux-x86_64-debian-gcc 1.52-1 106.87 506.84 613.71 OK --no-tests
r-devel-linux-x86_64-fedora-clang 1.52-1 1448.30 NOTE
r-devel-linux-x86_64-fedora-gcc 1.52-1 1457.13 NOTE
r-devel-windows-ix86+x86_64 1.52-1 243.00 436.00 679.00 NOTE --no-examples --no-tests --no-vignettes
r-patched-linux-x86_64 1.52-1 109.78 516.54 626.32 OK --no-tests
r-patched-solaris-x86 1.52-1 1856.60 NOTE
r-release-linux-x86_64 1.52-1 100.77 514.85 615.62 OK --no-tests
r-release-windows-ix86+x86_64 1.52-1 260.00 600.00 860.00 NOTE --no-examples --no-tests --no-vignettes
r-release-osx-x86_64 1.52-1 NOTE
r-oldrel-windows-ix86+x86_64 1.52-1 319.00 450.00 769.00 NOTE --no-examples --no-tests --no-vignettes
r-oldrel-osx-x86_64 1.52-1 NOTE

Check Details

Version: 1.52-1
Check: installed package size
Result: NOTE
     installed size is 20.9Mb
     sub-directories of 1Mb or more:
     R 4.8Mb
     data 3.4Mb
     doc 4.6Mb
     help 5.1Mb
     libs 1.7Mb
Flavors: r-devel-linux-x86_64-fedora-clang, r-devel-linux-x86_64-fedora-gcc, r-patched-solaris-x86, r-release-osx-x86_64, r-oldrel-osx-x86_64

Version: 1.52-1
Flags: --no-examples --no-tests --no-vignettes
Check: installed package size
Result: NOTE
     installed size is 20.4Mb
     sub-directories of 1Mb or more:
     R 4.8Mb
     data 3.4Mb
     doc 4.6Mb
     help 5.1Mb
     libs 1.2Mb
Flavors: r-devel-windows-ix86+x86_64, r-release-windows-ix86+x86_64, r-oldrel-windows-ix86+x86_64