CRAN Package Check Results for Package spls

Last updated on 2017-09-26 01:47:53.

Flavor Version Tinstall Tcheck Ttotal Status Flags
r-devel-linux-x86_64-debian-clang 2.2-1 1.00 78.51 79.51 NOTE
r-devel-linux-x86_64-debian-gcc 2.2-1 1.00 72.64 73.64 NOTE
r-devel-linux-x86_64-fedora-clang 2.2-1 138.75 NOTE
r-devel-linux-x86_64-fedora-gcc 2.2-1 137.58 NOTE
r-devel-windows-ix86+x86_64 2.2-1 9.00 123.00 132.00 NOTE
r-patched-linux-x86_64 2.2-1 1.04 70.45 71.49 NOTE
r-patched-solaris-x86 2.2-1 196.60 NOTE
r-release-linux-x86_64 2.2-1 1.10 73.42 74.52 NOTE
r-release-windows-ix86+x86_64 2.2-1 4.00 164.00 168.00 NOTE
r-release-osx-x86_64 2.2-1 NOTE
r-oldrel-windows-ix86+x86_64 2.2-1 5.00 118.00 123.00 NOTE
r-oldrel-osx-x86_64 2.2-1 NOTE

Check Details

Version: 2.2-1
Check: DESCRIPTION meta-information
Result: NOTE
    Malformed Description field: should contain one or more complete sentences.
Flavors: r-devel-linux-x86_64-debian-clang, r-devel-linux-x86_64-debian-gcc, r-devel-linux-x86_64-fedora-clang, r-devel-linux-x86_64-fedora-gcc, r-devel-windows-ix86+x86_64, r-patched-linux-x86_64, r-patched-solaris-x86, r-release-linux-x86_64, r-release-windows-ix86+x86_64, r-release-osx-x86_64, r-oldrel-windows-ix86+x86_64, r-oldrel-osx-x86_64

Version: 2.2-1
Check: S3 generic/method consistency
Result: NOTE
    Found the following apparent S3 methods exported but not registered:
     coef.sgpls coef.spls coef.splsda plot.spls predict.sgpls predict.spls
     predict.splsda print.sgpls print.spls print.splsda
    See section ‘Registering S3 methods’ in the ‘Writing R Extensions’
    manual.
Flavors: r-devel-linux-x86_64-debian-clang, r-devel-linux-x86_64-debian-gcc, r-devel-linux-x86_64-fedora-clang, r-devel-linux-x86_64-fedora-gcc, r-patched-linux-x86_64, r-patched-solaris-x86, r-release-linux-x86_64

Version: 2.2-1
Check: R code for possible problems
Result: NOTE
    ci.spls: no visible global function definition for ‘coef’
    ci.spls : qt: no visible global function definition for ‘quantile’
    ci.spls: no visible global function definition for ‘dev.new’
    ci.spls: no visible global function definition for ‘plot’
    ci.spls: no visible global function definition for ‘lines’
    ci.spls: no visible global function definition for ‘abline’
    coefplot.spls: no visible global function definition for ‘split.screen’
    coefplot.spls: no visible global function definition for ‘dev.new’
    coefplot.spls: no visible global function definition for ‘screen’
    coefplot.spls: no visible global function definition for ‘plot’
    coefplot.spls: no visible global function definition for ‘abline’
    coefplot.spls: no visible global function definition for ‘close.screen’
    correct.spls: no visible global function definition for ‘dev.new’
    cv.sgpls.binary : .fit.sgpls.binary: no visible global function
     definition for ‘predict’
    cv.sgpls.multi : .fit.sgpls.multi: no visible global function
     definition for ‘predict’
    cv.splsda : .fit.splsda: no visible global function definition for
     ‘predict’
    heatmap.spls: no visible global function definition for ‘par’
    heatmap.spls: no visible global function definition for ‘image’
    heatmap.spls: no visible global function definition for ‘cm.colors’
    heatmap.spls: no visible global function definition for ‘axis’
    plot.spls: no visible global function definition for ‘dev.new’
    plot.spls: no visible global function definition for ‘plot’
    plot.spls: no visible global function definition for ‘lines’
    plot.spls: no visible global function definition for ‘points’
    plot.spls: no visible global function definition for ‘abline’
    predict.splsda: no visible global function definition for ‘predict’
    predict.splsda: no visible global function definition for ‘coef’
    sgpls.binary: no visible binding for global variable ‘sd’
    sgpls.binary: no visible global function definition for ‘hat’
    sgpls.binary: no visible global function definition for ‘median’
    sgpls.binary: no visible global function definition for ‘weighted.mean’
    sgpls.multi: no visible binding for global variable ‘sd’
    sgpls.multi: no visible global function definition for ‘hat’
    sgpls.multi: no visible global function definition for ‘median’
    sgpls.multi: no visible global function definition for ‘weighted.mean’
    spls: no visible global function definition for ‘coef’
    spls.dv: no visible global function definition for ‘median’
    spls.dv: no visible global function definition for ‘uniroot’
    splsda: no visible global function definition for ‘model.matrix’
    splsda: no visible global function definition for ‘glm’
    splsda: no visible binding for global variable ‘binomial’
    Undefined global functions or variables:
     abline axis binomial close.screen cm.colors coef dev.new glm hat
     image lines median model.matrix par plot points predict quantile
     screen sd split.screen uniroot weighted.mean
    Consider adding
     importFrom("grDevices", "cm.colors", "dev.new")
     importFrom("graphics", "abline", "axis", "close.screen", "image",
     "lines", "par", "plot", "points", "screen", "split.screen")
     importFrom("stats", "binomial", "coef", "glm", "hat", "median",
     "model.matrix", "predict", "quantile", "sd", "uniroot",
     "weighted.mean")
    to your NAMESPACE file.
Flavors: r-devel-linux-x86_64-debian-clang, r-devel-linux-x86_64-debian-gcc, r-devel-linux-x86_64-fedora-clang, r-devel-linux-x86_64-fedora-gcc, r-devel-windows-ix86+x86_64, r-patched-linux-x86_64, r-patched-solaris-x86, r-release-linux-x86_64, r-release-windows-ix86+x86_64, r-release-osx-x86_64, r-oldrel-windows-ix86+x86_64, r-oldrel-osx-x86_64