Last updated on 2017-09-26 01:47:53.
Flavor | Version | Tinstall | Tcheck | Ttotal | Status | Flags |
---|---|---|---|---|---|---|
r-devel-linux-x86_64-debian-clang | 16.7-9 | 3.52 | 41.54 | 45.05 | NOTE | |
r-devel-linux-x86_64-debian-gcc | 16.7-9 | 3.48 | 40.65 | 44.14 | NOTE | |
r-devel-linux-x86_64-fedora-clang | 16.7-9 | 100.26 | NOTE | |||
r-devel-linux-x86_64-fedora-gcc | 16.7-9 | 99.49 | NOTE | |||
r-devel-windows-ix86+x86_64 | 16.7-9 | 12.00 | 111.00 | 123.00 | OK | |
r-patched-linux-x86_64 | 16.7-9 | 3.24 | 41.45 | 44.68 | NOTE | |
r-patched-solaris-x86 | 16.7-9 | 142.40 | OK | |||
r-release-linux-x86_64 | 16.7-9 | 3.11 | 42.54 | 45.65 | NOTE | |
r-release-windows-ix86+x86_64 | 16.7-9 | 11.00 | 107.00 | 118.00 | OK | |
r-release-osx-x86_64 | 16.7-9 | OK | ||||
r-oldrel-windows-ix86+x86_64 | 16.7-9 | 11.00 | 104.00 | 115.00 | OK | |
r-oldrel-osx-x86_64 | 16.7-9 | OK |
Version: 16.7-9
Check: compiled code
Result: NOTE
File ‘sptm/libs/sptm.so’:
Found no calls to: ‘R_registerRoutines’, ‘R_useDynamicSymbols’
It is good practice to register native routines and to disable symbol
search.
See ‘Writing portable packages’ in the ‘Writing R Extensions’ manual.
Flavors: r-devel-linux-x86_64-debian-clang, r-devel-linux-x86_64-debian-gcc, r-devel-linux-x86_64-fedora-clang, r-devel-linux-x86_64-fedora-gcc, r-patched-linux-x86_64, r-release-linux-x86_64