Last updated on 2017-09-26 01:47:53.
Flavor | Version | Tinstall | Tcheck | Ttotal | Status | Flags |
---|---|---|---|---|---|---|
r-devel-linux-x86_64-debian-clang | 0.4-11 | 2.18 | 24.94 | 27.12 | OK | |
r-devel-linux-x86_64-debian-gcc | 0.4-11 | 2.29 | 24.58 | 26.88 | OK | |
r-devel-linux-x86_64-fedora-clang | 0.4-11 | 47.97 | OK | |||
r-devel-linux-x86_64-fedora-gcc | 0.4-11 | 47.73 | OK | |||
r-devel-windows-ix86+x86_64 | 0.4-11 | 5.00 | 49.00 | 54.00 | OK | |
r-patched-linux-x86_64 | 0.4-11 | 2.25 | 24.86 | 27.11 | OK | |
r-patched-solaris-x86 | 0.4-11 | 77.40 | NOTE | |||
r-release-linux-x86_64 | 0.4-11 | 2.26 | 25.28 | 27.54 | OK | |
r-release-windows-ix86+x86_64 | 0.4-11 | 6.00 | 43.00 | 49.00 | OK | |
r-release-osx-x86_64 | 0.4-11 | OK | ||||
r-oldrel-windows-ix86+x86_64 | 0.4-11 | 9.00 | 43.00 | 52.00 | OK | |
r-oldrel-osx-x86_64 | 0.4-11 | OK |
Version: 0.4-11
Check: package dependencies
Result: NOTE
Package suggested but not available for checking: ‘RMySQL’
Flavor: r-patched-solaris-x86