CRAN Package Check Results for Package ss3sim

Last updated on 2017-09-26 01:47:54.

Flavor Version Tinstall Tcheck Ttotal Status Flags
r-devel-linux-x86_64-debian-clang 0.9.5 3.64 74.48 78.12 OK
r-devel-linux-x86_64-debian-gcc 0.9.5 3.43 71.75 75.18 OK
r-devel-linux-x86_64-fedora-clang 0.9.5 141.33 OK
r-devel-linux-x86_64-fedora-gcc 0.9.5 141.37 OK
r-devel-windows-ix86+x86_64 0.9.5 10.00 123.00 133.00 OK
r-patched-linux-x86_64 0.9.5 3.52 76.06 79.57 OK
r-patched-solaris-x86 0.9.5 191.70 OK
r-release-linux-x86_64 0.9.5 3.72 74.71 78.44 OK
r-release-windows-ix86+x86_64 0.9.5 12.00 115.00 127.00 OK
r-release-osx-x86_64 0.9.5 OK
r-oldrel-windows-ix86+x86_64 0.9.5 12.00 109.00 121.00 OK
r-oldrel-osx-x86_64 0.9.5 ERROR

Check Details

Version: 0.9.5
Check: whether package can be installed
Result: ERROR
    Installation failed.
Flavor: r-oldrel-osx-x86_64