CRAN Package Check Results for Package statisticalModeling

Last updated on 2017-09-26 01:47:54.

Flavor Version Tinstall Tcheck Ttotal Status Flags
r-devel-linux-x86_64-debian-clang 0.3.0 1.73 40.64 42.37 ERROR
r-devel-linux-x86_64-debian-gcc 0.3.0 1.73 41.18 42.91 ERROR
r-devel-linux-x86_64-fedora-clang 0.3.0 85.10 ERROR
r-devel-linux-x86_64-fedora-gcc 0.3.0 84.35 ERROR
r-devel-windows-ix86+x86_64 0.3.0 5.00 80.00 85.00 ERROR
r-patched-linux-x86_64 0.3.0 1.80 40.96 42.76 ERROR
r-patched-solaris-x86 0.3.0 118.60 ERROR
r-release-linux-x86_64 0.3.0 1.81 41.15 42.96 ERROR
r-release-windows-ix86+x86_64 0.3.0 6.00 78.00 84.00 ERROR
r-release-osx-x86_64 0.3.0 NOTE
r-oldrel-windows-ix86+x86_64 0.3.0 6.00 66.00 72.00 ERROR
r-oldrel-osx-x86_64 0.3.0 NOTE

Check Details

Version: 0.3.0
Check: tests
Result: ERROR
     Running ‘testthat.R’ [2s/2s]
    Running the tests in ‘tests/testthat.R’ failed.
    Complete output:
     > library(testthat)
     > library(statisticalModeling)
     Loading required package: ggplot2
     >
     > test_check("statisticalModeling")
     Error: gwm() has been removed from `mosaic'.
     It will be replaced by better tools in `mosaicModel'.
     testthat results ================================================================
     OK: 21 SKIPPED: 0 FAILED: 0
     Execution halted
Flavors: r-devel-linux-x86_64-debian-clang, r-devel-linux-x86_64-debian-gcc, r-patched-linux-x86_64, r-release-linux-x86_64

Version: 0.3.0
Check: re-building of vignette outputs
Result: WARN
    Error in re-building vignettes:
     ...
    Quitting from lines 303-306 (modeling.Rmd)
    Error: processing vignette ‘modeling.Rmd’ failed with diagnostics:
    Invalid formula type for gf_point.
    Execution halted
Flavors: r-devel-linux-x86_64-debian-clang, r-devel-linux-x86_64-debian-gcc, r-devel-linux-x86_64-fedora-clang, r-devel-linux-x86_64-fedora-gcc, r-devel-windows-ix86+x86_64, r-patched-linux-x86_64, r-release-linux-x86_64, r-release-windows-ix86+x86_64, r-oldrel-windows-ix86+x86_64

Version: 0.3.0
Check: dependencies in R code
Result: NOTE
    Namespaces in Imports field not imported from:
     ‘magrittr’ ‘rpart’
     All declared Imports should be used.
Flavors: r-devel-linux-x86_64-fedora-clang, r-devel-linux-x86_64-fedora-gcc, r-patched-solaris-x86, r-release-osx-x86_64, r-oldrel-osx-x86_64

Version: 0.3.0
Check: tests
Result: ERROR
     Running ‘testthat.R’
    Running the tests in ‘tests/testthat.R’ failed.
    Complete output:
     > library(testthat)
     > library(statisticalModeling)
     Loading required package: ggplot2
     >
     > test_check("statisticalModeling")
     Error: gwm() has been removed from `mosaic'.
     It will be replaced by better tools in `mosaicModel'.
     testthat results ================================================================
     OK: 21 SKIPPED: 0 FAILED: 0
     Execution halted
Flavors: r-devel-linux-x86_64-fedora-clang, r-devel-linux-x86_64-fedora-gcc, r-patched-solaris-x86

Version: 0.3.0
Check: tests
Result: ERROR
     Running 'testthat.R' [5s]
    Running the tests in 'tests/testthat.R' failed.
    Complete output:
     > library(testthat)
     > library(statisticalModeling)
     Loading required package: ggplot2
     >
     > test_check("statisticalModeling")
     Error: gwm() has been removed from `mosaic'.
     It will be replaced by better tools in `mosaicModel'.
     testthat results ================================================================
     OK: 21 SKIPPED: 0 FAILED: 0
     Execution halted
Flavor: r-devel-windows-ix86+x86_64

Version: 0.3.0
Check: re-building of vignette outputs
Result: WARN
    Error in re-building vignettes:
     ...
    Warning in engine$weave(file, quiet = quiet, encoding = enc) :
     Pandoc (>= 1.12.3) and/or pandoc-citeproc not available. Falling back to R Markdown v1.
    Quitting from lines 303-306 (modeling.Rmd)
    Error: processing vignette 'modeling.Rmd' failed with diagnostics:
    Invalid formula type for gf_point.
    Execution halted
Flavor: r-patched-solaris-x86

Version: 0.3.0
Check: tests
Result: ERROR
     Running 'testthat.R' [3s]
    Running the tests in 'tests/testthat.R' failed.
    Complete output:
     > library(testthat)
     > library(statisticalModeling)
     Loading required package: ggplot2
     >
     > test_check("statisticalModeling")
     Error: gwm() has been removed from `mosaic'.
     It will be replaced by better tools in `mosaicModel'.
     testthat results ================================================================
     OK: 21 SKIPPED: 0 FAILED: 0
     Execution halted
Flavor: r-release-windows-ix86+x86_64

Version: 0.3.0
Check: tests
Result: ERROR
     Running 'testthat.R' [4s]
    Running the tests in 'tests/testthat.R' failed.
    Complete output:
     > library(testthat)
     > library(statisticalModeling)
     Loading required package: ggplot2
     >
     > test_check("statisticalModeling")
     Error: gwm() has been removed from `mosaic'.
     It will be replaced by better tools in `mosaicModel'.
     testthat results ================================================================
     OK: 21 SKIPPED: 0 FAILED: 0
     Execution halted
Flavor: r-oldrel-windows-ix86+x86_64