Last updated on 2017-09-26 01:47:54.
Flavor | Version | Tinstall | Tcheck | Ttotal | Status | Flags |
---|---|---|---|---|---|---|
r-devel-linux-x86_64-debian-clang | 1.0 | 6.93 | 25.22 | 32.15 | NOTE | |
r-devel-linux-x86_64-debian-gcc | 1.0 | 6.19 | 24.20 | 30.40 | NOTE | |
r-devel-linux-x86_64-fedora-clang | 1.0 | 58.36 | NOTE | |||
r-devel-linux-x86_64-fedora-gcc | 1.0 | 55.27 | NOTE | |||
r-devel-windows-ix86+x86_64 | 1.0 | 33.00 | 84.00 | 117.00 | OK | |
r-patched-linux-x86_64 | 1.0 | 6.18 | 24.66 | 30.84 | NOTE | |
r-patched-solaris-x86 | 1.0 | 85.60 | OK | |||
r-release-linux-x86_64 | 1.0 | 6.01 | 24.34 | 30.35 | NOTE | |
r-release-windows-ix86+x86_64 | 1.0 | 24.00 | 111.00 | 135.00 | OK | |
r-release-osx-x86_64 | 1.0 | OK | ||||
r-oldrel-windows-ix86+x86_64 | 1.0 | 35.00 | 78.00 | 113.00 | OK | |
r-oldrel-osx-x86_64 | 1.0 | OK |
Version: 1.0
Check: compiled code
Result: NOTE
File ‘steadyICA/libs/steadyICA.so’:
Found no calls to: ‘R_registerRoutines’, ‘R_useDynamicSymbols’
It is good practice to register native routines and to disable symbol
search.
See ‘Writing portable packages’ in the ‘Writing R Extensions’ manual.
Flavors: r-devel-linux-x86_64-debian-clang, r-devel-linux-x86_64-debian-gcc, r-devel-linux-x86_64-fedora-clang, r-devel-linux-x86_64-fedora-gcc, r-patched-linux-x86_64, r-release-linux-x86_64