Last updated on 2017-09-26 01:47:54.
Flavor | Version | Tinstall | Tcheck | Ttotal | Status | Flags |
---|---|---|---|---|---|---|
r-devel-linux-x86_64-debian-clang | 2.0.0 | 4.41 | 141.81 | 146.21 | OK | |
r-devel-linux-x86_64-debian-gcc | 2.0.0 | 4.02 | 138.15 | 142.16 | OK | |
r-devel-linux-x86_64-fedora-clang | 2.0.0 | 283.81 | OK | |||
r-devel-linux-x86_64-fedora-gcc | 2.0.0 | 275.97 | OK | |||
r-devel-windows-ix86+x86_64 | 2.0.0 | 10.00 | 212.00 | 222.00 | OK | |
r-patched-linux-x86_64 | 2.0.0 | 4.62 | 163.42 | 168.04 | OK | |
r-patched-solaris-x86 | 2.0.0 | 431.50 | OK | |||
r-release-linux-x86_64 | 2.0.0 | 4.29 | 158.37 | 162.66 | OK | |
r-release-windows-ix86+x86_64 | 2.0.0 | 12.00 | 230.00 | 242.00 | OK | |
r-release-osx-x86_64 | 2.0.0 | ERROR | ||||
r-oldrel-windows-ix86+x86_64 | 2.0.0 | 13.00 | 248.00 | 261.00 | OK | |
r-oldrel-osx-x86_64 | 2.0.0 | OK |
Version: 2.0.0
Check: package dependencies
Result: ERROR
Packages required but not available: ‘gWidgets2RGtk2’ ‘RGtk2’
See section ‘The DESCRIPTION file’ in the ‘Writing R Extensions’
manual.
Flavor: r-release-osx-x86_64