CRAN Package Check Results for Package sunburstR

Last updated on 2017-09-26 01:47:54.

Flavor Version Tinstall Tcheck Ttotal Status Flags
r-devel-linux-x86_64-debian-clang 1.0.2 0.98 26.43 27.42 OK
r-devel-linux-x86_64-debian-gcc 1.0.2 1.01 26.03 27.04 OK
r-devel-linux-x86_64-fedora-clang 1.0.2 51.31 OK
r-devel-linux-x86_64-fedora-gcc 1.0.2 50.53 OK
r-devel-windows-ix86+x86_64 1.0.2 4.00 53.00 57.00 OK
r-patched-linux-x86_64 1.0.2 1.17 25.82 26.99 OK
r-patched-solaris-x86 1.0.2 60.40 OK
r-release-linux-x86_64 1.0.2 1.06 25.10 26.16 OK
r-release-windows-ix86+x86_64 1.0.2 4.00 54.00 58.00 OK
r-release-osx-x86_64 1.0.2 OK
r-oldrel-windows-ix86+x86_64 1.0.2 4.00 50.00 54.00 OK
r-oldrel-osx-x86_64 1.0.2 ERROR

Check Details

Version: 1.0.2
Check: package dependencies
Result: ERROR
    Package required but not available: ‘d3r’
    
    See section ‘The DESCRIPTION file’ in the ‘Writing R Extensions’
    manual.
Flavor: r-oldrel-osx-x86_64