CRAN Package Check Results for Package surrosurv

Last updated on 2017-09-26 01:47:54.

Flavor Version Tinstall Tcheck Ttotal Status Flags
r-devel-linux-x86_64-debian-clang 1.1.15 5.19 65.12 70.31 OK
r-devel-linux-x86_64-debian-gcc 1.1.15 5.11 64.09 69.21 OK
r-devel-linux-x86_64-fedora-clang 1.1.15 155.30 OK
r-devel-linux-x86_64-fedora-gcc 1.1.15 152.48 OK
r-devel-windows-ix86+x86_64 1.1.15 13.00 112.00 125.00 OK
r-patched-linux-x86_64 1.1.15 4.96 65.81 70.77 OK
r-patched-solaris-x86 1.1.15 198.90 OK
r-release-linux-x86_64 1.1.15 5.12 65.79 70.91 OK
r-release-windows-ix86+x86_64 1.1.15 14.00 113.00 127.00 OK
r-release-osx-x86_64 1.1.15 WARN
r-oldrel-windows-ix86+x86_64 1.1.15 13.00 118.00 131.00 OK
r-oldrel-osx-x86_64 1.1.15 OK

Check Details

Version: 1.1.15
Check: re-building of vignette outputs
Result: WARN
    Error in re-building vignettes:
     ...
    Error in texi2dvi(file = file, pdf = TRUE, clean = clean, quiet = quiet, :
     Running 'texi2dvi' on 'copulas.tex' failed.
    LaTeX errors:
    ! LaTeX Error: File `fullpage.sty' not found.
    
    Type X to quit or <RETURN> to proceed,
    or enter new name. (Default extension: sty)
    
    ! Emergency stop.
    <read *>
    
    l.3 \usepackage
     {amsmath, natbib, hyperref, doi}^^M
    ! ==> Fatal error occurred, no output PDF file produced!
    Calls: buildVignettes -> texi2pdf -> texi2dvi
    Execution halted
Flavor: r-release-osx-x86_64