Last updated on 2017-09-26 01:47:54.
Flavor | Version | Tinstall | Tcheck | Ttotal | Status | Flags |
---|---|---|---|---|---|---|
r-devel-linux-x86_64-debian-clang | 1.0.6 | 307.08 | 99.10 | 406.18 | NOTE | |
r-devel-linux-x86_64-debian-gcc | 1.0.6 | 188.24 | 97.78 | 286.03 | NOTE | |
r-devel-linux-x86_64-fedora-clang | 1.0.6 | 621.26 | NOTE | |||
r-devel-linux-x86_64-fedora-gcc | 1.0.6 | 589.61 | NOTE | |||
r-devel-windows-ix86+x86_64 | 1.0.6 | 435.00 | 244.00 | 679.00 | WARN | |
r-patched-linux-x86_64 | 1.0.6 | 186.30 | 100.16 | 286.47 | NOTE | |
r-patched-solaris-x86 | 1.0.6 | 566.50 | NOTE | |||
r-release-linux-x86_64 | 1.0.6 | 188.34 | 100.91 | 289.25 | NOTE | |
r-release-windows-ix86+x86_64 | 1.0.6 | 461.00 | 236.00 | 697.00 | NOTE | |
r-release-osx-x86_64 | 1.0.6 | NOTE | ||||
r-oldrel-windows-ix86+x86_64 | 1.0.6 | 472.00 | 254.00 | 726.00 | NOTE | |
r-oldrel-osx-x86_64 | 1.0.6 | NOTE |
Version: 1.0.6
Check: package dependencies
Result: NOTE
Package suggested but not available for checking: ‘INLA’
Flavors: r-devel-linux-x86_64-debian-clang, r-devel-linux-x86_64-debian-gcc, r-patched-linux-x86_64, r-patched-solaris-x86, r-release-linux-x86_64, r-release-osx-x86_64, r-oldrel-osx-x86_64
Version: 1.0.6
Check: installed package size
Result: NOTE
installed size is 68.7Mb
sub-directories of 1Mb or more:
libs 68.0Mb
Flavors: r-devel-linux-x86_64-fedora-clang, r-devel-linux-x86_64-fedora-gcc, r-devel-windows-ix86+x86_64, r-patched-solaris-x86, r-release-windows-ix86+x86_64, r-release-osx-x86_64, r-oldrel-windows-ix86+x86_64, r-oldrel-osx-x86_64
Version: 1.0.6
Check: whether package can be installed
Result: WARN
Found the following significant warnings:
d:/RCompile/CRANpkg/lib/3.5/BH/include/boost/math/special_functions/detail/bernoulli_details.hpp:128:36: warning: ISO C++ 1998 does not support 'long long' [-Wlong-long]
d:/RCompile/CRANpkg/lib/3.5/BH/include/boost/math/special_functions/detail/bernoulli_details.hpp:152:9: warning: ISO C++ 1998 does not support 'long long' [-Wlong-long]
Flavor: r-devel-windows-ix86+x86_64