Last updated on 2017-09-26 01:47:54.
Flavor | Version | Tinstall | Tcheck | Ttotal | Status | Flags |
---|---|---|---|---|---|---|
r-devel-linux-x86_64-debian-clang | 0.4.0 | 4.23 | 125.58 | 129.81 | OK | |
r-devel-linux-x86_64-debian-gcc | 0.4.0 | 4.20 | 126.72 | 130.92 | OK | |
r-devel-linux-x86_64-fedora-clang | 0.4.0 | 274.43 | NOTE | |||
r-devel-linux-x86_64-fedora-gcc | 0.4.0 | 273.14 | NOTE | |||
r-devel-windows-ix86+x86_64 | 0.4.0 | 11.00 | 203.00 | 214.00 | NOTE | |
r-patched-linux-x86_64 | 0.4.0 | 4.46 | 123.23 | 127.69 | OK | |
r-patched-solaris-x86 | 0.4.0 | 313.30 | NOTE | |||
r-release-linux-x86_64 | 0.4.0 | 4.49 | 124.46 | 128.95 | OK | |
r-release-windows-ix86+x86_64 | 0.4.0 | 13.00 | 186.00 | 199.00 | NOTE | |
r-release-osx-x86_64 | 0.4.0 | NOTE | ||||
r-oldrel-windows-ix86+x86_64 | 0.4.0 | 13.00 | 196.00 | 209.00 | NOTE | |
r-oldrel-osx-x86_64 | 0.4.0 | NOTE |
Version: 0.4.0
Check: installed package size
Result: NOTE
installed size is 5.6Mb
sub-directories of 1Mb or more:
doc 5.3Mb
Flavors: r-devel-linux-x86_64-fedora-clang, r-devel-linux-x86_64-fedora-gcc, r-devel-windows-ix86+x86_64, r-patched-solaris-x86, r-release-windows-ix86+x86_64, r-release-osx-x86_64, r-oldrel-windows-ix86+x86_64, r-oldrel-osx-x86_64