CRAN Package Check Results for Package synbreed

Last updated on 2017-09-26 01:47:55.

Flavor Version Tinstall Tcheck Ttotal Status Flags
r-devel-linux-x86_64-debian-clang 0.12-6 3.64 83.07 86.71 NOTE
r-devel-linux-x86_64-debian-gcc 0.12-6 3.30 86.53 89.84 NOTE
r-devel-linux-x86_64-fedora-clang 0.12-6 182.54 NOTE
r-devel-linux-x86_64-fedora-gcc 0.12-6 189.29 NOTE
r-devel-windows-ix86+x86_64 0.12-6 9.00 135.00 144.00 OK
r-patched-linux-x86_64 0.12-6 3.64 83.25 86.89 NOTE
r-patched-solaris-x86 0.12-6 236.40 NOTE
r-release-linux-x86_64 0.12-6 3.40 82.86 86.27 NOTE
r-release-windows-ix86+x86_64 0.12-6 10.00 141.00 151.00 OK
r-release-osx-x86_64 0.12-6 ERROR
r-oldrel-windows-ix86+x86_64 0.12-6 9.00 140.00 149.00 OK
r-oldrel-osx-x86_64 0.12-6 OK

Check Details

Version: 0.12-6
Check: S3 generic/method consistency
Result: NOTE
    Found the following apparent S3 methods exported but not registered:
     [.GenMap [.relationshipMatrix
    See section ‘Registering S3 methods’ in the ‘Writing R Extensions’
    manual.
Flavors: r-devel-linux-x86_64-debian-clang, r-devel-linux-x86_64-debian-gcc, r-devel-linux-x86_64-fedora-clang, r-devel-linux-x86_64-fedora-gcc, r-patched-linux-x86_64, r-patched-solaris-x86, r-release-linux-x86_64

Version: 0.12-6
Check: package dependencies
Result: ERROR
    Package required but not available: ‘LDheatmap’
    
    See section ‘The DESCRIPTION file’ in the ‘Writing R Extensions’
    manual.
Flavor: r-release-osx-x86_64