CRAN Package Check Results for Package sys

Last updated on 2017-09-26 01:47:55.

Flavor Version Tinstall Tcheck Ttotal Status Flags
r-devel-linux-x86_64-debian-clang 1.4 1.56 28.21 29.76 OK
r-devel-linux-x86_64-debian-gcc 1.4 1.54 27.28 28.82 OK
r-devel-linux-x86_64-fedora-clang 1.4 36.09 OK
r-devel-linux-x86_64-fedora-gcc 1.4 35.56 OK
r-devel-windows-ix86+x86_64 1.4 10.00 64.00 74.00 NOTE
r-patched-linux-x86_64 1.4 3.02 28.37 31.38 OK
r-patched-solaris-x86 1.4 50.90 OK
r-release-linux-x86_64 1.4 1.43 27.99 29.42 OK
r-release-windows-ix86+x86_64 1.4 9.00 94.00 103.00 NOTE
r-release-osx-x86_64 1.4 OK
r-oldrel-windows-ix86+x86_64 1.4 14.00 62.00 76.00 NOTE
r-oldrel-osx-x86_64 1.4 OK

Additional issues

rchk

Check Details

Version: 1.4
Check: package dependencies
Result: NOTE
    Package suggested but not available for checking: 'unix'
Flavors: r-devel-windows-ix86+x86_64, r-release-windows-ix86+x86_64, r-oldrel-windows-ix86+x86_64

Version: 1.4
Check: Rd cross-references
Result: NOTE
    Package unavailable to check Rd xrefs: 'unix'
Flavors: r-devel-windows-ix86+x86_64, r-release-windows-ix86+x86_64, r-oldrel-windows-ix86+x86_64