Last updated on 2017-09-26 01:47:55.
Flavor | Version | Tinstall | Tcheck | Ttotal | Status | Flags |
---|---|---|---|---|---|---|
r-devel-linux-x86_64-debian-clang | 1.0.1 | 1.11 | 24.43 | 25.54 | OK | |
r-devel-linux-x86_64-debian-gcc | 1.0.1 | 1.07 | 24.30 | 25.37 | OK | |
r-devel-linux-x86_64-fedora-clang | 1.0.1 | 46.03 | NOTE | |||
r-devel-linux-x86_64-fedora-gcc | 1.0.1 | 45.61 | NOTE | |||
r-devel-windows-ix86+x86_64 | 1.0.1 | 4.00 | 58.00 | 62.00 | OK | |
r-patched-linux-x86_64 | 1.0.1 | 1.10 | 25.00 | 26.11 | OK | |
r-patched-solaris-x86 | 1.0.1 | 53.90 | NOTE | |||
r-release-linux-x86_64 | 1.0.1 | 1.06 | 24.17 | 25.22 | OK | |
r-release-windows-ix86+x86_64 | 1.0.1 | 5.00 | 55.00 | 60.00 | OK | |
r-release-osx-x86_64 | 1.0.1 | NOTE | ||||
r-oldrel-windows-ix86+x86_64 | 1.0.1 | 5.00 | 45.00 | 50.00 | OK | |
r-oldrel-osx-x86_64 | 1.0.1 | NOTE |
Version: 1.0.1
Check: dependencies in R code
Result: NOTE
Namespace in Imports field not imported from: ‘shiny’
All declared Imports should be used.
Flavors: r-devel-linux-x86_64-fedora-clang, r-devel-linux-x86_64-fedora-gcc, r-patched-solaris-x86, r-release-osx-x86_64, r-oldrel-osx-x86_64