Last updated on 2017-09-26 01:47:55.
Flavor | Version | Tinstall | Tcheck | Ttotal | Status | Flags |
---|---|---|---|---|---|---|
r-devel-linux-x86_64-debian-clang | 1.6 | 14.01 | 18.16 | 32.18 | OK | |
r-devel-linux-x86_64-debian-gcc | 1.6 | 11.31 | 17.65 | 28.97 | OK | |
r-devel-linux-x86_64-fedora-clang | 1.6 | 54.54 | NOTE | |||
r-devel-linux-x86_64-fedora-gcc | 1.6 | 56.10 | OK | |||
r-devel-windows-ix86+x86_64 | 1.6 | 118.00 | 110.00 | 228.00 | NOTE | |
r-patched-linux-x86_64 | 1.6 | 11.47 | 18.03 | 29.50 | OK | |
r-release-linux-x86_64 | 1.6 | 11.35 | 17.53 | 28.88 | OK | |
r-release-windows-ix86+x86_64 | 1.6 | 90.00 | 118.00 | 208.00 | NOTE | |
r-release-osx-x86_64 | 1.6 | NOTE | ||||
r-oldrel-windows-ix86+x86_64 | 1.6 | 111.00 | 120.00 | 231.00 | NOTE | |
r-oldrel-osx-x86_64 | 1.6 | NOTE |
Version: 1.6
Check: package dependencies
Result: NOTE
Package suggested but not available for checking: ‘magick’
Flavor: r-devel-linux-x86_64-fedora-clang
Version: 1.6
Check: installed package size
Result: NOTE
installed size is 34.1Mb
sub-directories of 1Mb or more:
libs 13.1Mb
tessdata 20.9Mb
Flavors: r-devel-windows-ix86+x86_64, r-release-windows-ix86+x86_64, r-release-osx-x86_64, r-oldrel-windows-ix86+x86_64, r-oldrel-osx-x86_64