Last updated on 2017-09-26 01:47:55.
Flavor | Version | Tinstall | Tcheck | Ttotal | Status | Flags |
---|---|---|---|---|---|---|
r-devel-linux-x86_64-debian-clang | 0.2.0 | 32.53 | 46.92 | 79.45 | NOTE | |
r-devel-linux-x86_64-debian-gcc | 0.2.0 | 25.80 | 45.26 | 71.06 | NOTE | |
r-devel-linux-x86_64-fedora-clang | 0.2.0 | 162.73 | NOTE | |||
r-devel-linux-x86_64-fedora-gcc | 0.2.0 | 164.11 | NOTE | |||
r-devel-windows-ix86+x86_64 | 0.2.0 | 73.00 | 120.00 | 193.00 | OK | |
r-patched-linux-x86_64 | 0.2.0 | 25.38 | 46.03 | 71.41 | NOTE | |
r-patched-solaris-x86 | 0.2.0 | 188.10 | OK | |||
r-release-linux-x86_64 | 0.2.0 | 25.02 | 46.14 | 71.16 | NOTE | |
r-release-windows-ix86+x86_64 | 0.2.0 | 73.00 | 116.00 | 189.00 | OK | |
r-release-osx-x86_64 | 0.2.0 | OK | ||||
r-oldrel-windows-ix86+x86_64 | 0.2.0 | 77.00 | 119.00 | 196.00 | OK | |
r-oldrel-osx-x86_64 | 0.2.0 | OK |
Version: 0.2.0
Check: compiled code
Result: NOTE
File ‘testforDEP/libs/testforDEP.so’:
Found no calls to: ‘R_registerRoutines’, ‘R_useDynamicSymbols’
It is good practice to register native routines and to disable symbol
search.
See ‘Writing portable packages’ in the ‘Writing R Extensions’ manual.
Flavors: r-devel-linux-x86_64-debian-clang, r-devel-linux-x86_64-debian-gcc, r-devel-linux-x86_64-fedora-clang, r-devel-linux-x86_64-fedora-gcc, r-patched-linux-x86_64, r-release-linux-x86_64