CRAN Package Check Results for Package textTinyR

Last updated on 2017-09-26 01:47:55.

Flavor Version Tinstall Tcheck Ttotal Status Flags
r-devel-linux-x86_64-debian-clang 1.0.7 62.15 72.69 134.83 OK
r-devel-linux-x86_64-debian-gcc 1.0.7 48.93 80.04 128.97 OK
r-devel-linux-x86_64-fedora-clang 1.0.7 252.62 NOTE
r-devel-linux-x86_64-fedora-gcc 1.0.7 263.37 NOTE
r-devel-windows-ix86+x86_64 1.0.7 118.00 139.00 257.00 OK
r-patched-linux-x86_64 1.0.7 48.19 72.84 121.03 OK
r-release-linux-x86_64 1.0.7 48.23 78.98 127.21 OK
r-release-windows-ix86+x86_64 1.0.7 117.00 144.00 261.00 OK
r-release-osx-x86_64 1.0.7 ERROR
r-oldrel-windows-ix86+x86_64 1.0.7 154.00 136.00 290.00 OK
r-oldrel-osx-x86_64 1.0.7 ERROR

Additional issues

clang-ASAN

Check Details

Version: 1.0.7
Check: installed package size
Result: NOTE
     installed size is 10.1Mb
     sub-directories of 1Mb or more:
     libs 9.3Mb
Flavors: r-devel-linux-x86_64-fedora-clang, r-devel-linux-x86_64-fedora-gcc

Version: 1.0.7
Check: whether package can be installed
Result: ERROR
    Installation failed.
Flavors: r-release-osx-x86_64, r-oldrel-osx-x86_64