CRAN Package Check Results for Package tibble

Last updated on 2017-09-26 01:47:55.

Flavor Version Tinstall Tcheck Ttotal Status Flags
r-devel-linux-x86_64-debian-clang 1.3.4 11.90 28.28 40.18 OK
r-devel-linux-x86_64-debian-gcc 1.3.4 9.99 27.45 37.44 OK
r-devel-linux-x86_64-fedora-clang 1.3.4 70.89 OK
r-devel-linux-x86_64-fedora-gcc 1.3.4 71.38 OK
r-devel-windows-ix86+x86_64 1.3.4 42.00 74.00 116.00 OK
r-patched-linux-x86_64 1.3.4 9.76 27.31 37.07 OK
r-patched-solaris-x86 1.3.4 77.90 NOTE
r-release-linux-x86_64 1.3.4 9.75 27.13 36.88 OK
r-release-windows-ix86+x86_64 1.3.4 30.00 78.00 108.00 OK
r-release-osx-x86_64 1.3.4 OK
r-oldrel-windows-ix86+x86_64 1.3.4 42.00 65.00 107.00 OK
r-oldrel-osx-x86_64 1.3.4 OK

Check Details

Version: 1.3.4
Check: package dependencies
Result: NOTE
    Package suggested but not available for checking: ‘microbenchmark’
Flavor: r-patched-solaris-x86