Last updated on 2017-09-26 01:47:55.
Flavor | Version | Tinstall | Tcheck | Ttotal | Status | Flags |
---|---|---|---|---|---|---|
r-devel-linux-x86_64-debian-clang | 1.0.0 | 13.06 | 40.42 | 53.48 | OK | |
r-devel-linux-x86_64-debian-gcc | 1.0.0 | 11.09 | 39.91 | 50.99 | OK | |
r-devel-linux-x86_64-fedora-clang | 1.0.0 | 101.44 | OK | |||
r-devel-linux-x86_64-fedora-gcc | 1.0.0 | 100.32 | OK | |||
r-devel-windows-ix86+x86_64 | 1.0.0 | 28.00 | 113.00 | 141.00 | OK | |
r-patched-linux-x86_64 | 1.0.0 | 10.63 | 40.07 | 50.70 | OK | |
r-patched-solaris-x86 | 1.0.0 | 115.10 | OK | |||
r-release-linux-x86_64 | 1.0.0 | 10.37 | 41.17 | 51.54 | OK | |
r-release-windows-ix86+x86_64 | 1.0.0 | 32.00 | 109.00 | 141.00 | OK | |
r-release-osx-x86_64 | 1.0.0 | NOTE | ||||
r-oldrel-windows-ix86+x86_64 | 1.0.0 | 34.00 | 101.00 | 135.00 | OK | |
r-oldrel-osx-x86_64 | 1.0.0 | OK |
Version: 1.0.0
Check: package dependencies
Result: NOTE
Package suggested but not available for checking: ‘graph’
Flavor: r-release-osx-x86_64