CRAN Package Check Results for Package timeseriesdb

Last updated on 2017-09-26 01:47:55.

Flavor Version Tinstall Tcheck Ttotal Status Flags
r-devel-linux-x86_64-debian-clang 0.2.1 1.71 23.13 24.84 NOTE
r-devel-linux-x86_64-debian-gcc 0.2.1 1.82 22.02 23.84 NOTE
r-devel-linux-x86_64-fedora-clang 0.2.1 42.40 NOTE
r-devel-linux-x86_64-fedora-gcc 0.2.1 44.33 NOTE
r-devel-windows-ix86+x86_64 0.2.1 6.00 46.00 52.00 NOTE
r-patched-linux-x86_64 0.2.1 1.62 22.67 24.28 NOTE
r-patched-solaris-x86 0.2.1 60.90 NOTE
r-release-linux-x86_64 0.2.1 1.55 22.46 24.01 NOTE
r-release-windows-ix86+x86_64 0.2.1 6.00 48.00 54.00 NOTE
r-release-osx-x86_64 0.2.1 NOTE
r-oldrel-windows-ix86+x86_64 0.2.1 7.00 46.00 53.00 NOTE
r-oldrel-osx-x86_64 0.2.1 NOTE

Check Details

Version: 0.2.1
Check: R code for possible problems
Result: NOTE
    createHstore.ts: no visible global function definition for ‘time’
    exploreDb : <anonymous>: no visible global function definition for
     ‘plot’
    exportTsList : <anonymous>: no visible global function definition for
     ‘time’
    exportTsList: no visible global function definition for ‘write.csv2’
    importTsList: no visible global function definition for ‘read.csv2’
    importTsList : <anonymous>: no visible global function definition for
     ‘as.ts’
    plot.tslist: no visible global function definition for ‘plot’
    plot.tslist : <anonymous>: no visible global function definition for
     ‘time’
    plot.tslist: no visible global function definition for ‘par’
    plot.tslist: no visible global function definition for ‘legend’
    readTimeSeries : <anonymous>: no visible global function definition for
     ‘ts’
    resolveOverlap: no visible global function definition for ‘is.ts’
    resolveOverlap: no visible global function definition for ‘frequency’
    resolveOverlap: no visible global function definition for ‘time’
    resolveOverlap: no visible global function definition for ‘ts’
    storeTimeSeries: no visible binding for global variable ‘frequency’
    zooLikeDateConvert: no visible global function definition for ‘time’
    zooLikeDateConvert: no visible global function definition for
     ‘frequency’
    zooLikeDateConvert: no visible global function definition for ‘cycle’
    Undefined global functions or variables:
     as.ts cycle frequency is.ts legend par plot read.csv2 time ts
     write.csv2
    Consider adding
     importFrom("graphics", "legend", "par", "plot")
     importFrom("stats", "as.ts", "cycle", "frequency", "is.ts", "time",
     "ts")
     importFrom("utils", "read.csv2", "write.csv2")
    to your NAMESPACE file.
Flavors: r-devel-linux-x86_64-debian-clang, r-devel-linux-x86_64-debian-gcc, r-devel-linux-x86_64-fedora-clang, r-devel-linux-x86_64-fedora-gcc, r-devel-windows-ix86+x86_64, r-patched-linux-x86_64, r-patched-solaris-x86, r-release-linux-x86_64, r-release-windows-ix86+x86_64, r-release-osx-x86_64, r-oldrel-windows-ix86+x86_64, r-oldrel-osx-x86_64