Last updated on 2017-09-26 01:47:56.
Flavor | Version | Tinstall | Tcheck | Ttotal | Status | Flags |
---|---|---|---|---|---|---|
r-devel-linux-x86_64-debian-clang | 0.1.0 | 10.40 | 88.45 | 98.84 | NOTE | |
r-devel-linux-x86_64-debian-gcc | 0.1.0 | 8.33 | 80.93 | 89.25 | NOTE | |
r-devel-linux-x86_64-fedora-clang | 0.1.0 | 177.46 | NOTE | |||
r-devel-linux-x86_64-fedora-gcc | 0.1.0 | 176.78 | NOTE | |||
r-devel-windows-ix86+x86_64 | 0.1.0 | 26.00 | 229.00 | 255.00 | OK | |
r-patched-linux-x86_64 | 0.1.0 | 8.10 | 81.86 | 89.96 | NOTE | |
r-patched-solaris-x86 | 0.1.0 | 265.20 | OK | |||
r-release-linux-x86_64 | 0.1.0 | 8.16 | 85.60 | 93.76 | NOTE | |
r-release-windows-ix86+x86_64 | 0.1.0 | 28.00 | 232.00 | 260.00 | OK | |
r-release-osx-x86_64 | 0.1.0 | OK | ||||
r-oldrel-windows-ix86+x86_64 | 0.1.0 | 28.00 | 238.00 | 266.00 | OK | |
r-oldrel-osx-x86_64 | 0.1.0 | OK |
Version: 0.1.0
Check: compiled code
Result: NOTE
File ‘tmlenet/libs/tmlenet.so’:
Found no calls to: ‘R_registerRoutines’, ‘R_useDynamicSymbols’
It is good practice to register native routines and to disable symbol
search.
See ‘Writing portable packages’ in the ‘Writing R Extensions’ manual.
Flavors: r-devel-linux-x86_64-debian-clang, r-devel-linux-x86_64-debian-gcc, r-devel-linux-x86_64-fedora-clang, r-devel-linux-x86_64-fedora-gcc, r-patched-linux-x86_64, r-release-linux-x86_64