Last updated on 2017-09-26 01:47:56.
Flavor | Version | Tinstall | Tcheck | Ttotal | Status | Flags |
---|---|---|---|---|---|---|
r-devel-linux-x86_64-debian-clang | 0.2-6 | 6.81 | 90.56 | 97.36 | NOTE | |
r-devel-linux-x86_64-debian-gcc | 0.2-6 | 5.82 | 89.59 | 95.40 | NOTE | |
r-devel-linux-x86_64-fedora-clang | 0.2-6 | 173.63 | NOTE | |||
r-devel-linux-x86_64-fedora-gcc | 0.2-6 | 173.67 | NOTE | |||
r-devel-windows-ix86+x86_64 | 0.2-6 | 31.00 | 181.00 | 212.00 | OK | |
r-patched-linux-x86_64 | 0.2-6 | 5.60 | 89.91 | 95.51 | NOTE | |
r-patched-solaris-x86 | 0.2-6 | 314.50 | OK | |||
r-release-linux-x86_64 | 0.2-6 | 5.63 | 90.50 | 96.13 | NOTE | |
r-release-windows-ix86+x86_64 | 0.2-6 | 27.00 | 188.00 | 215.00 | OK | |
r-release-osx-x86_64 | 0.2-6 | NOTE | ||||
r-oldrel-windows-ix86+x86_64 | 0.2-6 | 41.00 | 200.00 | 241.00 | OK | |
r-oldrel-osx-x86_64 | 0.2-6 | NOTE |
Version: 0.2-6
Check: package dependencies
Result: NOTE
Package suggested but not available for checking: ‘corpus.JSS.papers’
Flavors: r-devel-linux-x86_64-debian-clang, r-devel-linux-x86_64-debian-gcc, r-devel-linux-x86_64-fedora-clang, r-devel-linux-x86_64-fedora-gcc, r-patched-linux-x86_64, r-release-linux-x86_64, r-release-osx-x86_64, r-oldrel-osx-x86_64