Last updated on 2017-09-26 01:47:56.
Flavor | Version | Tinstall | Tcheck | Ttotal | Status | Flags |
---|---|---|---|---|---|---|
r-devel-linux-x86_64-debian-clang | 2.3.2 | 1.01 | 535.93 | 536.94 | OK | |
r-devel-linux-x86_64-debian-gcc | 2.3.2 | 1.11 | 28.46 | 29.57 | OK | |
r-devel-linux-x86_64-fedora-clang | 2.3.2 | 55.08 | NOTE | |||
r-devel-linux-x86_64-fedora-gcc | 2.3.2 | 53.61 | NOTE | |||
r-devel-windows-ix86+x86_64 | 2.3.2 | 3.00 | 54.00 | 57.00 | OK | |
r-patched-linux-x86_64 | 2.3.2 | 1.03 | 28.58 | 29.60 | OK | |
r-patched-solaris-x86 | 2.3.2 | 71.60 | NOTE | |||
r-release-linux-x86_64 | 2.3.2 | 1.01 | 28.69 | 29.70 | OK | |
r-release-windows-ix86+x86_64 | 2.3.2 | 4.00 | 51.00 | 55.00 | OK | |
r-release-osx-x86_64 | 2.3.2 | NOTE | ||||
r-oldrel-osx-x86_64 | 2.3.2 | ERROR |
Version: 2.3.2
Check: dependencies in R code
Result: NOTE
Namespace in Imports field not imported from: ‘reshape2’
All declared Imports should be used.
Flavors: r-devel-linux-x86_64-fedora-clang, r-devel-linux-x86_64-fedora-gcc, r-patched-solaris-x86, r-release-osx-x86_64
Version: 2.3.2
Check: package dependencies
Result: ERROR
Package required but not available: ‘ggfittext’
Package required and available but unsuitable version: ‘grid’
See section ‘The DESCRIPTION file’ in the ‘Writing R Extensions’
manual.
Flavor: r-oldrel-osx-x86_64